{"id":5991,"date":"2024-05-02T10:14:54","date_gmt":"2024-05-02T15:14:54","guid":{"rendered":"https:\/\/www.ces.gob.ec\/?page_id=5991"},"modified":"2024-05-02T10:15:35","modified_gmt":"2024-05-02T15:15:35","slug":"encuesta-de-satisfaccion","status":"publish","type":"page","link":"https:\/\/www.ces.gob.ec\/?page_id=5991","title":{"rendered":"Encuesta de Satisfacci\u00f3n"},"content":{"rendered":"\n<h2 class=\"wp-block-heading\"><strong><u>ENCUESTA DE SATISFACCI\u00d3N DE LA ATENCI\u00d3N BRINDADA<\/u><\/strong><\/h2>\n\n\n\n<p><em>Estimado usuario:<\/em><\/p>\n\n\n\n<p><em>Con el fin de proporcionarle una mejor atenci\u00f3n, agradecemos a usted calificar el nivel de satisfacci\u00f3n de la atenci\u00f3n brindada por parte del t\u00e9cnico asignado.<\/em><\/p>\n\n\n\n<p><em>La informaci\u00f3n recopilada ser\u00e1 tratada de manera confidencial.<\/em><\/p>\n\n\n\n<div style=\"height:17px\" aria-hidden=\"true\" class=\"wp-block-spacer\"><\/div>\n\n\n<div class=\"forminator-ui forminator-custom-form forminator-custom-form-5990 forminator-design--default  forminator_ajax\" data-forminator-render=\"0\" data-form=\"forminator-module-5990\" data-uid=\"6a048e5d957e2\"><br\/><\/div><form\n\t\t\t\tid=\"forminator-module-5990\"\n\t\t\t\tclass=\"forminator-ui forminator-custom-form forminator-custom-form-5990 forminator-design--default  forminator_ajax\"\n\t\t\t\tmethod=\"post\"\n\t\t\t\tdata-forminator-render=\"0\"\n\t\t\t\tdata-form-id=\"5990\"\n\t\t\t\t data-color-option=\"default\" data-design=\"default\" data-grid=\"open\" style=\"display: none;\"\n\t\t\t\tdata-uid=\"6a048e5d957e2\"\n\t\t\t><div role=\"alert\" aria-live=\"polite\" class=\"forminator-response-message forminator-error\" aria-hidden=\"true\"><\/div><div role=\"tablist\" class=\"forminator-pagination-steps\" aria-label=\"Pagination\"><\/div><div tabindex=\"-1\" role=\"tabpanel\" id=\"forminator-custom-form-5990--page-0\" class=\"forminator-pagination forminator-pagination-start\" aria-labelledby=\"forminator-custom-form-5990--page-0-label\" data-step=\"0\" data-label=\"Finalizar\" data-name=\"page-break-1\"><div class=\"forminator-pagination--content\"><div class=\"forminator-row\"><div id=\"radio-1\" class=\"forminator-field-radio forminator-col forminator-col-12 \"><div role=\"radiogroup\" class=\"forminator-field\" aria-labelledby=\"forminator-radiogroup-radio-1-6a048e5d957e2-label\"><span id=\"forminator-radiogroup-radio-1-6a048e5d957e2-label\" class=\"forminator-label\">1. \u00bfQu\u00e9 tan satisfecho se encuentra respecto a la atenci\u00f3n brindada por el servidor p\u00fablico en el acompa\u00f1amiento o asistencia t\u00e9cnica de los tr\u00e1mites gestionados en la plataforma? (capacidad profesional, t\u00e9cnica y amabilidad) <span class=\"forminator-required\">*<\/span><\/span><label id=\"forminator-field-radio-1-label-1\" for=\"forminator-field-radio-1-1-6a048e5d957e2\" class=\"forminator-radio\" title=\"1 Nada Satisfecho\"><input type=\"radio\" name=\"radio-1\" value=\"1\" id=\"forminator-field-radio-1-1-6a048e5d957e2\" aria-labelledby=\"forminator-field-radio-1-label-1\" data-calculation=\"0\"   data-hidden-behavior=\"zero\"\/><span class=\"forminator-radio-bullet\" aria-hidden=\"true\"><\/span><span class=\"forminator-radio-label\">1 Nada Satisfecho<\/span><\/label><label id=\"forminator-field-radio-1-label-2\" for=\"forminator-field-radio-1-2-6a048e5d957e2\" class=\"forminator-radio\" title=\"2\"><input type=\"radio\" name=\"radio-1\" value=\"2\" id=\"forminator-field-radio-1-2-6a048e5d957e2\" aria-labelledby=\"forminator-field-radio-1-label-2\" data-calculation=\"0\"   data-hidden-behavior=\"zero\"\/><span class=\"forminator-radio-bullet\" aria-hidden=\"true\"><\/span><span class=\"forminator-radio-label\">2<\/span><\/label><label id=\"forminator-field-radio-1-label-3\" for=\"forminator-field-radio-1-3-6a048e5d957e2\" class=\"forminator-radio\" title=\"3\"><input type=\"radio\" name=\"radio-1\" value=\"3\" id=\"forminator-field-radio-1-3-6a048e5d957e2\" aria-labelledby=\"forminator-field-radio-1-label-3\" data-calculation=\"0\"   data-hidden-behavior=\"zero\"\/><span class=\"forminator-radio-bullet\" aria-hidden=\"true\"><\/span><span class=\"forminator-radio-label\">3<\/span><\/label><label id=\"forminator-field-radio-1-label-4\" for=\"forminator-field-radio-1-4-6a048e5d957e2\" class=\"forminator-radio\" title=\"4\"><input type=\"radio\" name=\"radio-1\" value=\"4\" id=\"forminator-field-radio-1-4-6a048e5d957e2\" aria-labelledby=\"forminator-field-radio-1-label-4\" data-calculation=\"0\"   data-hidden-behavior=\"zero\"\/><span class=\"forminator-radio-bullet\" aria-hidden=\"true\"><\/span><span class=\"forminator-radio-label\">4<\/span><\/label><label id=\"forminator-field-radio-1-label-5\" for=\"forminator-field-radio-1-5-6a048e5d957e2\" class=\"forminator-radio\" title=\"5 Totalmente Satisfecho\"><input type=\"radio\" name=\"radio-1\" value=\"5\" id=\"forminator-field-radio-1-5-6a048e5d957e2\" aria-labelledby=\"forminator-field-radio-1-label-5\" data-calculation=\"0\"   data-hidden-behavior=\"zero\"\/><span class=\"forminator-radio-bullet\" aria-hidden=\"true\"><\/span><span class=\"forminator-radio-label\">5 Totalmente Satisfecho<\/span><\/label><\/div><\/div><\/div><\/div><\/div><div tabindex=\"-1\" role=\"tabpanel\" id=\"forminator-custom-form-5990--page-1\" class=\"forminator-pagination\" aria-labelledby=\"forminator-custom-form-5990--page-1-label\" aria-hidden=\"true\" data-step=\"1\" data-label=\"P\u00e1gina 1\" data-name=\"\" hidden><div class=\"forminator-pagination--content\"><div class=\"forminator-row\"><div id=\"section-1\" class=\"forminator-field-section forminator-col forminator-col-12 \"><div class=\"forminator-field\"><h2 class=\"forminator-title\">S\u00edrvase registrar los siguientes datos:<\/h2><\/div><\/div><\/div><div class=\"forminator-row\"><div id=\"name-1\" class=\"forminator-field-name forminator-col forminator-col-12 \"><div class=\"forminator-field\"><label for=\"forminator-field-name-1_6a048e5d957e2\" id=\"forminator-field-name-1_6a048e5d957e2-label\" class=\"forminator-label\">Nombre del servidor p\u00fablico <span class=\"forminator-required\">*<\/span><\/label><input type=\"text\" name=\"name-1\" value=\"\" placeholder=\"Ejemplo: Juan P\u00e9rez\" id=\"forminator-field-name-1_6a048e5d957e2\" class=\"forminator-input forminator-name--field\" aria-required=\"true\" autocomplete=\"name\" \/><\/div><\/div><\/div><div class=\"forminator-row\"><div id=\"name-2\" class=\"forminator-field-name forminator-col forminator-col-12 \"><div class=\"forminator-field\"><label for=\"forminator-field-name-2_6a048e5d957e2\" id=\"forminator-field-name-2_6a048e5d957e2-label\" class=\"forminator-label\">Motivo de la calificaci\u00f3n negativa <span class=\"forminator-required\">*<\/span><\/label><input type=\"text\" name=\"name-2\" value=\"\" placeholder=\"\" id=\"forminator-field-name-2_6a048e5d957e2\" class=\"forminator-input forminator-name--field\" aria-required=\"true\" autocomplete=\"name\" \/><\/div><\/div><\/div><div class=\"forminator-row\"><div id=\"name-3\" class=\"forminator-field-name forminator-col forminator-col-12 \"><div class=\"forminator-field\"><label for=\"forminator-field-name-3_6a048e5d957e2\" id=\"forminator-field-name-3_6a048e5d957e2-label\" class=\"forminator-label\">Comentarios y\/o sugerencias <span class=\"forminator-required\">*<\/span><\/label><input type=\"text\" name=\"name-3\" value=\"\" placeholder=\"\" id=\"forminator-field-name-3_6a048e5d957e2\" class=\"forminator-input forminator-name--field\" aria-required=\"true\" autocomplete=\"name\" \/><\/div><\/div><\/div><div class=\"forminator-row\"><div id=\"section-2\" class=\"forminator-field-section forminator-col forminator-col-12 \"><div class=\"forminator-field\"><h2 class=\"forminator-title\">Para informarle de las mejoras, por favor d\u00e9jenos sus datos<\/h2><\/div><\/div><\/div><div class=\"forminator-row\"><div id=\"name-4\" class=\"forminator-field-name forminator-col forminator-col-12 \"><div class=\"forminator-field\"><label for=\"forminator-field-name-4_6a048e5d957e2\" id=\"forminator-field-name-4_6a048e5d957e2-label\" class=\"forminator-label\">Nombres y apellidos <span class=\"forminator-required\">*<\/span><\/label><input type=\"text\" name=\"name-4\" value=\"\" placeholder=\"Ejemplo: Juan P\u00e9rez\" id=\"forminator-field-name-4_6a048e5d957e2\" class=\"forminator-input forminator-name--field\" aria-required=\"true\" autocomplete=\"name\" \/><\/div><\/div><\/div><div class=\"forminator-row\"><div id=\"name-5\" class=\"forminator-field-name forminator-col forminator-col-12 \"><div class=\"forminator-field\"><label for=\"forminator-field-name-5_6a048e5d957e2\" id=\"forminator-field-name-5_6a048e5d957e2-label\" class=\"forminator-label\">N\u00famero de c\u00e9dula <span class=\"forminator-required\">*<\/span><\/label><input type=\"text\" name=\"name-5\" value=\"\" placeholder=\"\" id=\"forminator-field-name-5_6a048e5d957e2\" class=\"forminator-input forminator-name--field\" aria-required=\"true\" autocomplete=\"name\" \/><\/div><\/div><\/div><div class=\"forminator-row\"><div id=\"name-6\" class=\"forminator-field-name forminator-col forminator-col-12 \"><div class=\"forminator-field\"><label for=\"forminator-field-name-6_6a048e5d957e2\" id=\"forminator-field-name-6_6a048e5d957e2-label\" class=\"forminator-label\">Tel\u00e9fono de contacto <span class=\"forminator-required\">*<\/span><\/label><input type=\"text\" name=\"name-6\" value=\"\" placeholder=\"\" id=\"forminator-field-name-6_6a048e5d957e2\" class=\"forminator-input forminator-name--field\" aria-required=\"true\" autocomplete=\"name\" \/><\/div><\/div><\/div><div class=\"forminator-row\"><div id=\"name-7\" class=\"forminator-field-name forminator-col forminator-col-12 \"><div class=\"forminator-field\"><label for=\"forminator-field-name-7_6a048e5d957e2\" id=\"forminator-field-name-7_6a048e5d957e2-label\" class=\"forminator-label\">Instituci\u00f3n de Educaci\u00f3n Superior a la que pertenece <span class=\"forminator-required\">*<\/span><\/label><input type=\"text\" name=\"name-7\" value=\"\" placeholder=\"\" id=\"forminator-field-name-7_6a048e5d957e2\" class=\"forminator-input forminator-name--field\" aria-required=\"true\" autocomplete=\"name\" \/><\/div><\/div><\/div><div class=\"forminator-row\"><div id=\"section-3\" class=\"forminator-field-section forminator-col forminator-col-12 \"><div class=\"forminator-field\"><h2 class=\"forminator-title\">S\u00edrvase registrar los siguientes datos<\/h2><\/div><\/div><\/div><div class=\"forminator-row\"><div id=\"name-8\" class=\"forminator-field-name forminator-col forminator-col-12 \"><div class=\"forminator-field\"><label for=\"forminator-field-name-8_6a048e5d957e2\" id=\"forminator-field-name-8_6a048e5d957e2-label\" class=\"forminator-label\">Nombres y apellidos <span class=\"forminator-required\">*<\/span><\/label><input type=\"text\" name=\"name-8\" value=\"\" placeholder=\"Ejemplo: Juan P\u00e9rez\" id=\"forminator-field-name-8_6a048e5d957e2\" class=\"forminator-input forminator-name--field\" aria-required=\"true\" autocomplete=\"name\" \/><\/div><\/div><\/div><div class=\"forminator-row\"><div id=\"name-9\" class=\"forminator-field-name forminator-col forminator-col-12 \"><div class=\"forminator-field\"><label for=\"forminator-field-name-9_6a048e5d957e2\" id=\"forminator-field-name-9_6a048e5d957e2-label\" class=\"forminator-label\">N\u00famero de c\u00e9dula <span class=\"forminator-required\">*<\/span><\/label><input type=\"text\" name=\"name-9\" value=\"\" placeholder=\"\" id=\"forminator-field-name-9_6a048e5d957e2\" class=\"forminator-input forminator-name--field\" aria-required=\"true\" autocomplete=\"name\" \/><\/div><\/div><\/div><div class=\"forminator-row\"><div id=\"name-10\" class=\"forminator-field-name forminator-col forminator-col-12 \"><div class=\"forminator-field\"><label for=\"forminator-field-name-10_6a048e5d957e2\" id=\"forminator-field-name-10_6a048e5d957e2-label\" class=\"forminator-label\">Tel\u00e9fono de contacto <span class=\"forminator-required\">*<\/span><\/label><input type=\"text\" name=\"name-10\" value=\"\" placeholder=\"\" id=\"forminator-field-name-10_6a048e5d957e2\" class=\"forminator-input forminator-name--field\" aria-required=\"true\" autocomplete=\"name\" \/><\/div><\/div><\/div><div class=\"forminator-row\"><div id=\"name-11\" class=\"forminator-field-name forminator-col forminator-col-12 \"><div class=\"forminator-field\"><label for=\"forminator-field-name-11_6a048e5d957e2\" id=\"forminator-field-name-11_6a048e5d957e2-label\" class=\"forminator-label\">Instituci\u00f3n de Educaci\u00f3n Superior a la que pertenece <span class=\"forminator-required\">*<\/span><\/label><input type=\"text\" name=\"name-11\" value=\"\" placeholder=\"\" id=\"forminator-field-name-11_6a048e5d957e2\" class=\"forminator-input forminator-name--field\" aria-required=\"true\" autocomplete=\"name\" \/><\/div><\/div><\/div><div class=\"forminator-row\"><div id=\"name-12\" class=\"forminator-field-name forminator-col forminator-col-12 \"><div class=\"forminator-field\"><label for=\"forminator-field-name-12_6a048e5d957e2\" id=\"forminator-field-name-12_6a048e5d957e2-label\" class=\"forminator-label\">Comentarios y\/o sugerencias <span class=\"forminator-required\">*<\/span><\/label><input type=\"text\" name=\"name-12\" value=\"\" placeholder=\"\" id=\"forminator-field-name-12_6a048e5d957e2\" class=\"forminator-input forminator-name--field\" aria-required=\"true\" autocomplete=\"name\" \/><\/div><\/div><\/div><\/div><button class=\"forminator-button forminator-pagination-submit\" style=\"display: none;\" disabled>Enviar encuesta<\/button><\/div><input type=\"hidden\" name=\"referer_url\" value=\"\" \/><input type=\"hidden\" id=\"forminator_nonce\" name=\"forminator_nonce\" value=\"2a24c15ac0\" \/><input type=\"hidden\" name=\"_wp_http_referer\" value=\"\/index.php?rest_route=%2Fwp%2Fv2%2Fpages%2F5991\" \/><input type=\"hidden\" name=\"form_id\" value=\"5990\"><input type=\"hidden\" name=\"page_id\" value=\"5991\"><input type=\"hidden\" name=\"form_type\" value=\"default\"><input type=\"hidden\" name=\"current_url\" value=\"https:\/\/www.ces.gob.ec\/?page_id=5991\"><input type=\"hidden\" name=\"render_id\" value=\"0\"><input type=\"hidden\" name=\"action\" value=\"forminator_submit_form_custom-forms\"><\/form>\n","protected":false},"excerpt":{"rendered":"<p>ENCUESTA DE SATISFACCI\u00d3N DE LA ATENCI\u00d3N BRINDADA Estimado usuario: Con el fin de proporcionarle una mejor atenci\u00f3n, agradecemos a usted calificar el nivel de satisfacci\u00f3n de la atenci\u00f3n brindada por parte del t\u00e9cnico asignado. La informaci\u00f3n recopilada ser\u00e1 tratada de manera confidencial.<\/p>\n","protected":false},"author":1,"featured_media":0,"parent":0,"menu_order":0,"comment_status":"closed","ping_status":"closed","template":"","meta":{"_monsterinsights_skip_tracking":false,"_monsterinsights_sitenote_active":false,"_monsterinsights_sitenote_note":"","_monsterinsights_sitenote_category":0,"footnotes":""},"class_list":["post-5991","page","type-page","status-publish","hentry"],"_links":{"self":[{"href":"https:\/\/www.ces.gob.ec\/index.php?rest_route=\/wp\/v2\/pages\/5991","targetHints":{"allow":["GET"]}}],"collection":[{"href":"https:\/\/www.ces.gob.ec\/index.php?rest_route=\/wp\/v2\/pages"}],"about":[{"href":"https:\/\/www.ces.gob.ec\/index.php?rest_route=\/wp\/v2\/types\/page"}],"author":[{"embeddable":true,"href":"https:\/\/www.ces.gob.ec\/index.php?rest_route=\/wp\/v2\/users\/1"}],"replies":[{"embeddable":true,"href":"https:\/\/www.ces.gob.ec\/index.php?rest_route=%2Fwp%2Fv2%2Fcomments&post=5991"}],"version-history":[{"count":3,"href":"https:\/\/www.ces.gob.ec\/index.php?rest_route=\/wp\/v2\/pages\/5991\/revisions"}],"predecessor-version":[{"id":5994,"href":"https:\/\/www.ces.gob.ec\/index.php?rest_route=\/wp\/v2\/pages\/5991\/revisions\/5994"}],"wp:attachment":[{"href":"https:\/\/www.ces.gob.ec\/index.php?rest_route=%2Fwp%2Fv2%2Fmedia&parent=5991"}],"curies":[{"name":"wp","href":"https:\/\/api.w.org\/{rel}","templated":true}]}}