{"id":2108,"date":"2019-07-25T10:56:22","date_gmt":"2019-07-25T16:56:22","guid":{"rendered":"https:\/\/www.ces.gob.ec\/?page_id=2108"},"modified":"2025-12-12T19:53:51","modified_gmt":"2025-12-13T00:53:51","slug":"dr-pablo-beltran-ayala-ph-d","status":"publish","type":"page","link":"https:\/\/www.ces.gob.ec\/?page_id=2108","title":{"rendered":"Dr. Pablo Beltr\u00e1n Ayala, Ph.D."},"content":{"rendered":"\n<div class=\"wp-block-columns has-2-columns is-layout-flex wp-container-core-columns-is-layout-9d6595d7 wp-block-columns-is-layout-flex\">\n<div class=\"wp-block-column is-layout-flow wp-block-column-is-layout-flow\">\n<h2 class=\"wp-block-heading\"><strong>Dr. Pablo Beltr\u00e1n Ayala, Ph.D.<\/strong><\/h2>\n\n\n\n<p><strong>Consejero Acad\u00e9mico del Consejo de Educaci\u00f3n Superior<\/strong><\/p>\n\n\n\n<p><strong>Tel:<\/strong> (02) 3947 820&nbsp;&nbsp; <\/p>\n\n\n\n<p><strong>Correo: <\/strong><a href=\"mailto:pablo.beltran@ces.gob.ec\">pablo.beltran@ces.gob.ec<\/a><\/p>\n<\/div>\n\n\n\n<div class=\"wp-block-column is-layout-flow wp-block-column-is-layout-flow\">\n<figure class=\"wp-block-gallery has-nested-images columns-default is-cropped wp-block-gallery-1 is-layout-flex wp-block-gallery-is-layout-flex\">\n<figure class=\"wp-block-image size-full\"><img loading=\"lazy\" decoding=\"async\" width=\"900\" height=\"600\" data-id=\"6263\" src=\"https:\/\/www.ces.gob.ec\/wp-content\/uploads\/2025\/01\/PB.jpg\" alt=\"\" class=\"wp-image-6263\" srcset=\"https:\/\/www.ces.gob.ec\/wp-content\/uploads\/2025\/01\/PB.jpg 900w, https:\/\/www.ces.gob.ec\/wp-content\/uploads\/2025\/01\/PB-300x200.jpg 300w, https:\/\/www.ces.gob.ec\/wp-content\/uploads\/2025\/01\/PB-768x512.jpg 768w\" sizes=\"auto, (max-width: 900px) 100vw, 900px\" \/><\/figure>\n<\/figure>\n\n\n\n<p><\/p>\n<\/div>\n<\/div>\n\n\n\n<h3 class=\"wp-block-heading\">Formaci\u00f3n Acad\u00e9mica <\/h3>\n\n\n\n<ul class=\"wp-block-list\">\n<li>Doctor (Ph.D.) en Pol\u00edtica P\u00fablica. <em>Instituto Tecnol\u00f3gico y de Estudios Superiores de Monterrey<\/em> &#8211; M\u00e9xico.<\/li>\n\n\n\n<li>Magister en Administraci\u00f3n (MBA), <em>Universidad San Francisco de Quito<\/em>, Ecuador.<\/li>\n\n\n\n<li>Magister en Ciencias, especialidad: Econom\u00eda y Organizaci\u00f3n del Comercio y Servicios, <em>Universidad de Gdansk<\/em>, Polonia.<\/li>\n\n\n\n<li>Economista con Especialidad en Mercadotecnia y Consumo, <em>Universidad de Gdansk<\/em>, Polonia.<\/li>\n<\/ul>\n\n\n\n<h3 class=\"wp-block-heading\">Trayectoria Acad\u00e9mica<\/h3>\n\n\n\n<ul class=\"wp-block-list\">\n<li>Decano del Colegio de Ciencias Policiales. Universidad San Francisco de Quito. Enero\/2007-Enero\/2016.<\/li>\n\n\n\n<li>Decano de la Escuela de Econom\u00eda. Universidad San Francisco de Quito. Julio\/2014 \u2013 Diciembre\/2014.<\/li>\n\n\n\n<li>Vicedecano del Colegio de Administraci\u00f3n para el Desarrollo. Universidad San Francisco de Quito. Enero\/2012 &#8211; Agosto\/2013.<\/li>\n\n\n\n<li>Vicedecano del Colegio Mayor de Educaci\u00f3n Continua. Universidad San Francisco de Quito. Septiembre\/2005-Julio\/2009.<\/li>\n\n\n\n<li>Vicedecano del Colegio de Ciencias Policiales. Universidad San Francisco de Quito. Septiembre\/2004-Diciembre\/2007.<\/li>\n\n\n\n<li>Decano  Acad\u00e9mico del Colegio de la Comunidad (actual Colegio de Tecnolog\u00edas  Aplicadas). Universidad San Francisco de Quito.  Septiembre\/2000-Septiembre\/2002.<\/li>\n\n\n\n<li>Coordinador  Acad\u00e9mico Adjunto de la Facultad de Econom\u00eda. Pontificia Universidad  Cat\u00f3lica del Ecuador. Septiembre\/1997-Agosto\/1999.<\/li>\n\n\n\n<li>Ha  sido docente invitado en las siguientes instituciones de educaci\u00f3n  superior: Universidad San Francisco de Quito, Pontificia Universidad  Cat\u00f3lica del Ecuador, Universidad T\u00e9cnica de Ambato, Universidad de  Guayaquil, Universidad de Cuenca, Instituto Tecnol\u00f3gico y de Estudios  Superiores de Monterrey, Universidad Salesiana del Ecuador. <\/li>\n\n\n\n<li>Ha  sido miembro de varios comit\u00e9s acad\u00e9micos y revisor externo de  proyectos de investigaci\u00f3n en: Instituto de Altos Estudios Nacionales,  Universidad de las Am\u00e9ricas, y Universidad de Lovaine (B\u00e9lgica).<\/li>\n\n\n\n<li>Miembro del Comit\u00e9 Editorial de varias revistas cient\u00edficas.<\/li>\n\n\n\n<li>Autor del Libro \u00abLa Educaci\u00f3n Superior Ecuatoriana, una mirada desde la Pol\u00edtica P\u00fablica, previo a la Ley Org\u00e1nica de Educaci\u00f3n Superior\u00bb.<\/li>\n\n\n\n<li>Co-autor de varias publicaciones cient\u00edficas en las \u00e1reas de: Econom\u00eda, agricultura, pol\u00edtica p\u00fablica y educaci\u00f3n superior.<\/li>\n<\/ul>\n\n\n\n<p><\/p>\n","protected":false},"excerpt":{"rendered":"<p>Dr. Pablo Beltr\u00e1n Ayala, Ph.D. Consejero Acad\u00e9mico del Consejo de Educaci\u00f3n Superior Tel: (02) 3947 820&nbsp;&nbsp; Correo: pablo.beltran@ces.gob.ec Formaci\u00f3n Acad\u00e9mica Trayectoria Acad\u00e9mica<\/p>\n","protected":false},"author":1,"featured_media":0,"parent":0,"menu_order":0,"comment_status":"closed","ping_status":"closed","template":"","meta":{"_monsterinsights_skip_tracking":false,"_monsterinsights_sitenote_active":false,"_monsterinsights_sitenote_note":"","_monsterinsights_sitenote_category":0,"footnotes":""},"class_list":["post-2108","page","type-page","status-publish","hentry"],"_links":{"self":[{"href":"https:\/\/www.ces.gob.ec\/index.php?rest_route=\/wp\/v2\/pages\/2108","targetHints":{"allow":["GET"]}}],"collection":[{"href":"https:\/\/www.ces.gob.ec\/index.php?rest_route=\/wp\/v2\/pages"}],"about":[{"href":"https:\/\/www.ces.gob.ec\/index.php?rest_route=\/wp\/v2\/types\/page"}],"author":[{"embeddable":true,"href":"https:\/\/www.ces.gob.ec\/index.php?rest_route=\/wp\/v2\/users\/1"}],"replies":[{"embeddable":true,"href":"https:\/\/www.ces.gob.ec\/index.php?rest_route=%2Fwp%2Fv2%2Fcomments&post=2108"}],"version-history":[{"count":20,"href":"https:\/\/www.ces.gob.ec\/index.php?rest_route=\/wp\/v2\/pages\/2108\/revisions"}],"predecessor-version":[{"id":6678,"href":"https:\/\/www.ces.gob.ec\/index.php?rest_route=\/wp\/v2\/pages\/2108\/revisions\/6678"}],"wp:attachment":[{"href":"https:\/\/www.ces.gob.ec\/index.php?rest_route=%2Fwp%2Fv2%2Fmedia&parent=2108"}],"curies":[{"name":"wp","href":"https:\/\/api.w.org\/{rel}","templated":true}]}}