{"id":2106,"date":"2019-07-25T10:36:44","date_gmt":"2019-07-25T16:36:44","guid":{"rendered":"https:\/\/www.ces.gob.ec\/?page_id=2106"},"modified":"2026-04-23T14:22:10","modified_gmt":"2026-04-23T19:22:10","slug":"dra-carmita-alvarez-santana-ph-d","status":"publish","type":"page","link":"https:\/\/www.ces.gob.ec\/?page_id=2106","title":{"rendered":"Lcda. Carmita \u00c1lvarez Santana, Ph.D."},"content":{"rendered":"\n<div class=\"wp-block-columns has-2-columns is-layout-flex wp-container-core-columns-is-layout-9d6595d7 wp-block-columns-is-layout-flex\">\n<div class=\"wp-block-column is-layout-flow wp-block-column-is-layout-flow\">\n<h2 class=\"wp-block-heading\"><strong><strong>Lcda<\/strong>. Carmita \u00c1lvarez Santana, Ph.D.<\/strong> <\/h2>\n\n\n\n<p><strong>Consejera Acad\u00e9mica del Consejo de Educaci\u00f3n Superior <\/strong><\/p>\n\n\n\n<p><strong>Tel:<\/strong> (02) 3947 820&nbsp;&nbsp; <\/p>\n\n\n\n<p><strong>Correo: <\/strong><a href=\"mailto:catalina.velez@ces.gob.ec\">carmita.alvarez@ces.gob.ec<\/a><\/p>\n<\/div>\n\n\n\n<div class=\"wp-block-column is-layout-flow wp-block-column-is-layout-flow\">\n<figure class=\"wp-block-gallery has-nested-images columns-default is-cropped wp-block-gallery-1 is-layout-flex wp-block-gallery-is-layout-flex\">\n<figure class=\"wp-block-image size-full\"><img loading=\"lazy\" decoding=\"async\" width=\"1620\" height=\"1080\" data-id=\"6894\" src=\"https:\/\/www.ces.gob.ec\/wp-content\/uploads\/2026\/04\/R62_0212.jpg\" alt=\"\" class=\"wp-image-6894\" srcset=\"https:\/\/www.ces.gob.ec\/wp-content\/uploads\/2026\/04\/R62_0212.jpg 1620w, https:\/\/www.ces.gob.ec\/wp-content\/uploads\/2026\/04\/R62_0212-300x200.jpg 300w, https:\/\/www.ces.gob.ec\/wp-content\/uploads\/2026\/04\/R62_0212-1024x683.jpg 1024w, https:\/\/www.ces.gob.ec\/wp-content\/uploads\/2026\/04\/R62_0212-768x512.jpg 768w, https:\/\/www.ces.gob.ec\/wp-content\/uploads\/2026\/04\/R62_0212-1536x1024.jpg 1536w\" sizes=\"auto, (max-width: 1620px) 100vw, 1620px\" \/><\/figure>\n<\/figure>\n\n\n\n<p><\/p>\n<\/div>\n<\/div>\n\n\n\n<h3 class=\"wp-block-heading\">Formaci\u00f3n Acad\u00e9mica <\/h3>\n\n\n\n<ul class=\"wp-block-list\">\n<li>Doctora (PhD) en Desarrollo Local y Econom\u00eda Social, Universidad de Huelva -Espa\u00f1a.<\/li>\n\n\n\n<li>Mag\u00edster en Gerencia y Liderazgo Educacional Universidad T\u00e9cnica Particular de Loja.<\/li>\n\n\n\n<li>M\u00e1ster Universitario en Econom\u00eda y Desarrollo Territorial Universidad de Huelva \u2013 Universidad de C\u00e1diz \u2013 Universidad de Ja\u00e9n.<\/li>\n\n\n\n<li>M\u00e1ster Propio Universitario en Desarrollo Local: Gesti\u00f3n de Pymes y Econom\u00eda Social Universidad Internacional de Andaluc\u00eda.<\/li>\n\n\n\n<li>Especialista en Dise\u00f1o Curricular por Competencia Universidad del Mar.<\/li>\n\n\n\n<li>Diploma Superior de Cuarto Nivel en Pedagog\u00edas Innovadoras Universidad T\u00e9cnica Particular de Loja.<\/li>\n\n\n\n<li>Diploma Superior en Intervenci\u00f3n Social Universidad T\u00e9cnica Particular de Loja.<\/li>\n\n\n\n<li>Licenciada en Trabajo Social Universidad Laica Eloy Alfaro de Manab\u00ed.<\/li>\n\n\n\n<li>Trabajadora Social Universidad Laica Eloy Alfaro de Manab\u00ed.<\/li>\n<\/ul>\n\n\n\n<h3 class=\"wp-block-heading\">Trayectoria Acad\u00e9mica<\/h3>\n\n\n\n<ul class=\"wp-block-list\">\n<li>Decana de la Facultad de Trabajo Social de la de la Universidad Laica Eloy Alfaro de Manab\u00ed&nbsp;<\/li>\n\n\n\n<li>Coordinadora del \u00c1rea de Participaci\u00f3n Ciudadana y Pol\u00edticas P\u00fablicas de la Subsecretar\u00eda Nacional de Planificaci\u00f3n y Desarrollo (SENPLADES)<\/li>\n\n\n\n<li>&nbsp;Coordinadora de la Zona 4, del Instituto de Altos Estudios Nacionales IAEN<\/li>\n\n\n\n<li>Directora de varios proyectos de investigaci\u00f3n en materia de g\u00e9nero, educaci\u00f3n superior, participaci\u00f3n ciudadana, trata y tr\u00e1fico de personas, ni\u00f1ez y adolescencia, prevenci\u00f3n de adicciones, entre otros.<\/li>\n\n\n\n<li>Consultora Social en proyectos de desarrollo social y educativo para varias ONG.<\/li>\n\n\n\n<li>Profesora Principal Titular en la Carrera de Trabajo&nbsp;Social de la Universidad Laica Eloy Alfaro de Manab\u00ed.<\/li>\n\n\n\n<li>Profesora Ocasional de la Escuela Superior Polit\u00e9cnica Agropecuaria de Manab\u00ed Manuel F\u00e9lix L\u00f3pez, ESPAM<\/li>\n\n\n\n<li>Presidenta y Coordinadora Nacional de la Red Acad\u00e9mica de Trabajo Social del Ecuador, ANUATSE<\/li>\n\n\n\n<li>Directora de la Revista Cient\u00edfica Arbitrada en Investigaciones de Ciencias Sociales y Trabajo Social \u00abTejedora\u00bb.<\/li>\n\n\n\n<li>Coordinadora Nacional de procesos para la \u201cFundamentaci\u00f3n para el Redise\u00f1o Curricular de las Carreras de Trabajo Social del Ecuador\u201d en la Asociaci\u00f3n Nacional de Unidades Acad\u00e9micas de Trabajo Social.<\/li>\n\n\n\n<li>Coordinadora y Presidenta&nbsp;de Comisi\u00f3n de Vinculaci\u00f3n con la&nbsp;Sociedad de la Universidad Laica Eloy Alfaro de Manab\u00ed<\/li>\n\n\n\n<li>Miembro de equipos de dise\u00f1o de carreras y programas para la Universidad Laica Eloy Alfaro de Manab\u00ed.<\/li>\n\n\n\n<li>Miembro de la Comisi\u00f3n de Evaluaci\u00f3n y Aseguramiento de la calidad de la Educaci\u00f3n Superior de la Carrera de Trabajo Social de la Universidad Laica Eloy Alfaro de Manab\u00ed<\/li>\n\n\n\n<li>Docente invitada de Postgrado de varias universidades del&nbsp;pa\u00eds.<\/li>\n\n\n\n<li>Consejera Acad\u00e9mica, Presidenta de la Comisi\u00f3n Permanente de Universidades y Escuelas Polit\u00e9cnicas, y Comisi\u00f3n Permanente de Institutos del CES, entre el per\u00edodo 2016- 2022 y para el periodo 2022- 2027<\/li>\n<\/ul>\n","protected":false},"excerpt":{"rendered":"<p>Lcda. Carmita \u00c1lvarez Santana, Ph.D. Consejera Acad\u00e9mica del Consejo de Educaci\u00f3n Superior Tel: (02) 3947 820&nbsp;&nbsp; Correo: carmita.alvarez@ces.gob.ec Formaci\u00f3n Acad\u00e9mica Trayectoria Acad\u00e9mica<\/p>\n","protected":false},"author":1,"featured_media":0,"parent":0,"menu_order":0,"comment_status":"closed","ping_status":"closed","template":"","meta":{"_monsterinsights_skip_tracking":false,"_monsterinsights_sitenote_active":false,"_monsterinsights_sitenote_note":"","_monsterinsights_sitenote_category":0,"footnotes":""},"class_list":["post-2106","page","type-page","status-publish","hentry"],"_links":{"self":[{"href":"https:\/\/www.ces.gob.ec\/index.php?rest_route=\/wp\/v2\/pages\/2106","targetHints":{"allow":["GET"]}}],"collection":[{"href":"https:\/\/www.ces.gob.ec\/index.php?rest_route=\/wp\/v2\/pages"}],"about":[{"href":"https:\/\/www.ces.gob.ec\/index.php?rest_route=\/wp\/v2\/types\/page"}],"author":[{"embeddable":true,"href":"https:\/\/www.ces.gob.ec\/index.php?rest_route=\/wp\/v2\/users\/1"}],"replies":[{"embeddable":true,"href":"https:\/\/www.ces.gob.ec\/index.php?rest_route=%2Fwp%2Fv2%2Fcomments&post=2106"}],"version-history":[{"count":19,"href":"https:\/\/www.ces.gob.ec\/index.php?rest_route=\/wp\/v2\/pages\/2106\/revisions"}],"predecessor-version":[{"id":6898,"href":"https:\/\/www.ces.gob.ec\/index.php?rest_route=\/wp\/v2\/pages\/2106\/revisions\/6898"}],"wp:attachment":[{"href":"https:\/\/www.ces.gob.ec\/index.php?rest_route=%2Fwp%2Fv2%2Fmedia&parent=2106"}],"curies":[{"name":"wp","href":"https:\/\/api.w.org\/{rel}","templated":true}]}}