{"id":2017,"date":"2019-07-22T16:19:07","date_gmt":"2019-07-22T22:19:07","guid":{"rendered":"https:\/\/www.ces.gob.ec\/?page_id=2017"},"modified":"2019-07-22T16:21:07","modified_gmt":"2019-07-22T22:21:07","slug":"talleres-2017","status":"publish","type":"page","link":"https:\/\/www.ces.gob.ec\/?page_id=2017","title":{"rendered":"Talleres 2017"},"content":{"rendered":"\n<h3 class=\"wp-block-heading\">Talleres 2017<\/h3>\n\n\n\n<h5 class=\"wp-block-heading\">Talleres participativos para el diagn\u00f3stico de la implementaci\u00f3n del Reglamento de R\u00e9gimen Acad\u00e9mico en el SES<\/h5>\n\n\n\t\t\t\t\t\t<style>\r\n\t\t\t\t<style>\r\n#wpsm_accordion_2014 .wpsm_panel-heading{\r\n\tpadding:0px !important;\r\n}\r\n#wpsm_accordion_2014 .wpsm_panel-title {\r\n\tmargin:0px !important; \r\n\ttext-transform:none !important;\r\n\tline-height: 1 !important;\r\n}\r\n#wpsm_accordion_2014 .wpsm_panel-title a{\r\n\ttext-decoration:none;\r\n\toverflow:hidden;\r\n\tdisplay:block;\r\n\tpadding:0px;\r\n\tfont-size: 15px !important;\r\n\tfont-family: Verdana !important;\r\n\tcolor:#1e73be !important;\r\n\tborder-bottom:0px !important;\r\n}\r\n\r\n#wpsm_accordion_2014 .wpsm_panel-title a:focus {\r\noutline: 0px !important;\r\n}\r\n\r\n#wpsm_accordion_2014 .wpsm_panel-title a:hover, #wpsm_accordion_2014 .wpsm_panel-title a:focus {\r\n\tcolor:#1e73be !important;\r\n}\r\n#wpsm_accordion_2014 .acc-a{\r\n\tcolor: #1e73be !important;\r\n\tbackground-color:#e8e8e8 !important;\r\n\tborder-color: #ddd;\r\n}\r\n#wpsm_accordion_2014 .wpsm_panel-default > .wpsm_panel-heading{\r\n\tcolor: #1e73be !important;\r\n\tbackground-color: #e8e8e8 !important;\r\n\tborder-color: #e8e8e8 !important;\r\n\tborder-top-left-radius: 0px;\r\n\tborder-top-right-radius: 0px;\r\n}\r\n#wpsm_accordion_2014 .wpsm_panel-default {\r\n\t\tborder:1px solid transparent !important;\r\n\t}\r\n#wpsm_accordion_2014 {\r\n\tmargin-bottom: 20px;\r\n\toverflow: hidden;\r\n\tfloat: none;\r\n\twidth: 100%;\r\n\tdisplay: block;\r\n}\r\n#wpsm_accordion_2014 .ac_title_class{\r\n\tdisplay: block;\r\n\tpadding-top: 12px;\r\n\tpadding-bottom: 12px;\r\n\tpadding-left: 15px;\r\n\tpadding-right: 15px;\r\n}\r\n#wpsm_accordion_2014  .wpsm_panel {\r\n\toverflow:hidden;\r\n\t-webkit-box-shadow: 0 0px 0px rgba(0, 0, 0, .05);\r\n\tbox-shadow: 0 0px 0px rgba(0, 0, 0, .05);\r\n\t\tborder-radius: 4px;\r\n\t}\r\n#wpsm_accordion_2014  .wpsm_panel + .wpsm_panel {\r\n\t\tmargin-top: 5px;\r\n\t}\r\n#wpsm_accordion_2014  .wpsm_panel-body{\r\n\tbackground-color:#ffffff !important;\r\n\tcolor:#333333 !important;\r\n\tborder-top-color: #e8e8e8 !important;\r\n\tfont-size:14px !important;\r\n\tfont-family: Verdana !important;\r\n\toverflow: hidden;\r\n\t\tborder: 2px solid #e8e8e8 !important;\r\n\t}\r\n\r\n#wpsm_accordion_2014 .ac_open_cl_icon{\r\n\tbackground-color:#e8e8e8 !important;\r\n\tcolor: #1e73be !important;\r\n\tfloat:right !important;\r\n\tpadding-top: 12px !important;\r\n\tpadding-bottom: 12px !important;\r\n\tline-height: 1.0 !important;\r\n\tpadding-left: 15px !important;\r\n\tpadding-right: 15px !important;\r\n\tdisplay: inline-block !important;\r\n}\r\n\r\n\t\t\t\r\n\t\t\tp{\r\nfont-family: &#039;Roboto&#039;, sans-serif;\r\n}<\/style>\t\r\n\t\t\t<\/style>\r\n\t\t\t<div class=\"wpsm_panel-group\" id=\"wpsm_accordion_2014\" >\r\n\t\t\t\t\t\t\t\t\r\n\t\t\t\t\t<!-- Inner panel Start -->\r\n\t\t\t\t\t<div class=\"wpsm_panel wpsm_panel-default\">\r\n\t\t\t\t\t\t<div class=\"wpsm_panel-heading\" role=\"tab\" >\r\n\t\t\t\t\t\t  <h4 class=\"wpsm_panel-title\">\r\n\t\t\t\t\t\t\t<a  class=\"\"  data-toggle=\"collapse\" data-parent=\"#wpsm_accordion_2014 \" href=\"javascript:void(0)\" data-target=\"#ac_2014_collapse1\" onclick=\"do_resize()\">\r\n\t\t\t\t\t\t\t\t\t\t\t\t\t\t\t\t\t<span class=\"ac_open_cl_icon fa fa-plus\"><\/span>\r\n\t\t\t\t\t\t\t\t\t\r\n\t\t\t\t\t\t\t\t \r\n\t\t\t\t\t\t\t\t<span class=\"ac_title_class\">\r\n\t\t\t\t\t\t\t\t\t\t\t\t\t\t\t\t\t\t\t\t<span style=\"margin-right:6px;\" class=\"fa fa-clipboard\"><\/span>\r\n\t\t\t\t\t\t\t\t\tTalleres participativos de Reglamento de R\u00e9gimen Acad\u00e9mico en el SES\t\t\t\t\t\t\t\t<\/span>\r\n\t\t\t\t\t\t\t<\/a>\r\n\t\t\t\t\t\t  <\/h4>\r\n\t\t\t\t\t\t<\/div>\r\n\t\t\t\t\t\t<div id=\"ac_2014_collapse1\" class=\"wpsm_panel-collapse collapse \"  >\r\n\t\t\t\t\t\t  <div class=\"wpsm_panel-body\">\r\n\t\t\t\t\t\t\t<div class=\"pdf\"><a href=\"\/doc\/regimen_academico\/MATRICES_PARA_MESAS_DE_TRABAJO\/agenda general-talleres diagnostico rra 2017_1.pdf\" rel=\"noopener\" target=\"_blank\">Agenda general-talleres diagn\u00f3stico RRA 2017<\/a><\/div>\r\n<hr \/>\r\n\r\n<b>MATRICES PARA MESAS DE TRABAJO<\/b>\r\n\r\n<hr \/>\r\n\r\n<div class=\"pdf\"><a href=\"\/doc\/regimen_academico\/MATRICES_PARA_MESAS_DE_TRABAJO\/Matrices\/ANALISIS%20FODA.pdf\" rel=\"noopener\" target=\"_blank\">Analisis FODA<\/a><\/div>\r\n<div class=\"pdf\"><a href=\"\/doc\/regimen_academico\/MATRICES_PARA_MESAS_DE_TRABAJO\/Matrices\/%C3%81rbol%20de%20problemas-Taller.pdf\" rel=\"noopener\" target=\"_blank\">A\u0301rbol de problemas - taller<\/a><\/div>\r\n<div class=\"pdf\"><a href=\"\/doc\/regimen_academico\/MATRICES_PARA_MESAS_DE_TRABAJO\/Matrices\/Matriz%20de%20sugerencias.pdf\" rel=\"noopener\" target=\"_blank\">Matriz de sugerencias<\/a><\/div>\r\n<hr \/>\r\n\r\n<b>Guayaquil<\/b>\r\n\r\n<hr \/>\r\n\r\n<div class=\"pdf\"><a href=\"\/doc\/regimen_academico\/MATRICES_PARA_MESAS_DE_TRABAJO\/Guayaquil\/agenda%20taller%20diagnstico%20rra%202017-guayaquil%20g1.pdf\" rel=\"noopener\" target=\"_blank\">Agenda taller diagn\u00f3stico RRA 2017 - GUAYAQUIL G1<\/a><\/div>\r\n<div class=\"pdf\"><a href=\"\/doc\/regimen_academico\/MATRICES_PARA_MESAS_DE_TRABAJO\/Guayaquil\/agenda%20taller%20diagnstico%20rra%202017-guayaquil%20g2.pdf\" rel=\"noopener\" target=\"_blank\">Agenda taller diagn\u00f3stico RRA 2017 - QGUAYAQUIL G2<\/a><\/div>\r\n\r\n<b>Quito<\/b>\r\n\r\n<hr \/>\r\n\r\n<div class=\"pdf\"><a href=\"\/doc\/regimen_academico\/MATRICES_PARA_MESAS_DE_TRABAJO\/Quito\/agenda%20taller%20diagnstico%20rra%202017-quito%20g3.pdf\" rel=\"noopener\" target=\"_blank\">Agenda taller diagn\u00f3stico RRA 2017 - Quito G3<\/a><\/div>\r\n<div class=\"pdf\"><a href=\"\/doc\/regimen_academico\/MATRICES_PARA_MESAS_DE_TRABAJO\/Quito\/agenda%20taller%20diagnstico%20rra%202017-quito%20g4.pdf\" rel=\"noopener\" target=\"_blank\">Agenda taller diagn\u00f3stico RRA 2017 - Quito G4<\/a><\/div>\t\t\t\t\t\t  <\/div>\r\n\t\t\t\t\t\t<\/div>\r\n\t\t\t\t\t<\/div>\r\n\t\t\t\t\t<!-- Inner panel End -->\r\n\t\t\t\t\t\r\n\t\t\t\t\t\t\t<\/div>\r\n\t\t\t\r\n<script type=\"text\/javascript\">\r\n\t\r\n\t\tfunction do_resize(){\r\n\r\n\t\t\tvar width=jQuery( '.wpsm_panel .wpsm_panel-body iframe' ).width();\r\n\t\t\tvar height=jQuery( '.wpsm_panel .wpsm_panel-body iframe' ).height();\r\n\r\n\t\t\tvar toggleSize = true;\r\n\t\t\tjQuery('iframe').animate({\r\n\t\t\t    width: toggleSize ? width : 640,\r\n\t\t\t    height: toggleSize ? height : 360\r\n\t\t\t  }, 250);\r\n\r\n\t\t\t  toggleSize = !toggleSize;\r\n\t\t}\r\n\t\t\r\n<\/script>\t\n\n\n\n<h5 class=\"wp-block-heading\">Talleres de Pregrado 2017<\/h5>\n\n\n\t\t\t\t\t\t<style>\r\n\t\t\t\t<style>\r\n#wpsm_accordion_2016 .wpsm_panel-heading{\r\n\tpadding:0px !important;\r\n}\r\n#wpsm_accordion_2016 .wpsm_panel-title {\r\n\tmargin:0px !important; \r\n\ttext-transform:none !important;\r\n\tline-height: 1 !important;\r\n}\r\n#wpsm_accordion_2016 .wpsm_panel-title a{\r\n\ttext-decoration:none;\r\n\toverflow:hidden;\r\n\tdisplay:block;\r\n\tpadding:0px;\r\n\tfont-size: 15px !important;\r\n\tfont-family: Verdana !important;\r\n\tcolor:#1e73be !important;\r\n\tborder-bottom:0px !important;\r\n}\r\n\r\n#wpsm_accordion_2016 .wpsm_panel-title a:focus {\r\noutline: 0px !important;\r\n}\r\n\r\n#wpsm_accordion_2016 .wpsm_panel-title a:hover, #wpsm_accordion_2016 .wpsm_panel-title a:focus {\r\n\tcolor:#1e73be !important;\r\n}\r\n#wpsm_accordion_2016 .acc-a{\r\n\tcolor: #1e73be !important;\r\n\tbackground-color:#e8e8e8 !important;\r\n\tborder-color: #ddd;\r\n}\r\n#wpsm_accordion_2016 .wpsm_panel-default > .wpsm_panel-heading{\r\n\tcolor: #1e73be !important;\r\n\tbackground-color: #e8e8e8 !important;\r\n\tborder-color: #e8e8e8 !important;\r\n\tborder-top-left-radius: 0px;\r\n\tborder-top-right-radius: 0px;\r\n}\r\n#wpsm_accordion_2016 .wpsm_panel-default {\r\n\t\tborder:1px solid transparent !important;\r\n\t}\r\n#wpsm_accordion_2016 {\r\n\tmargin-bottom: 20px;\r\n\toverflow: hidden;\r\n\tfloat: none;\r\n\twidth: 100%;\r\n\tdisplay: block;\r\n}\r\n#wpsm_accordion_2016 .ac_title_class{\r\n\tdisplay: block;\r\n\tpadding-top: 12px;\r\n\tpadding-bottom: 12px;\r\n\tpadding-left: 15px;\r\n\tpadding-right: 15px;\r\n}\r\n#wpsm_accordion_2016  .wpsm_panel {\r\n\toverflow:hidden;\r\n\t-webkit-box-shadow: 0 0px 0px rgba(0, 0, 0, .05);\r\n\tbox-shadow: 0 0px 0px rgba(0, 0, 0, .05);\r\n\t\tborder-radius: 4px;\r\n\t}\r\n#wpsm_accordion_2016  .wpsm_panel + .wpsm_panel {\r\n\t\tmargin-top: 5px;\r\n\t}\r\n#wpsm_accordion_2016  .wpsm_panel-body{\r\n\tbackground-color:#ffffff !important;\r\n\tcolor:#333333 !important;\r\n\tborder-top-color: #e8e8e8 !important;\r\n\tfont-size:14px !important;\r\n\tfont-family: Verdana !important;\r\n\toverflow: hidden;\r\n\t\tborder: 2px solid #e8e8e8 !important;\r\n\t}\r\n\r\n#wpsm_accordion_2016 .ac_open_cl_icon{\r\n\tbackground-color:#e8e8e8 !important;\r\n\tcolor: #1e73be !important;\r\n\tfloat:right !important;\r\n\tpadding-top: 12px !important;\r\n\tpadding-bottom: 12px !important;\r\n\tline-height: 1.0 !important;\r\n\tpadding-left: 15px !important;\r\n\tpadding-right: 15px !important;\r\n\tdisplay: inline-block !important;\r\n}\r\n\r\n\t\t\t\r\n\t\t\tp{\r\nfont-family: &#039;Roboto&#039;, sans-serif;\r\n}<\/style>\t\r\n\t\t\t<\/style>\r\n\t\t\t<div class=\"wpsm_panel-group\" id=\"wpsm_accordion_2016\" >\r\n\t\t\t\t\t\t\t\t\r\n\t\t\t\t\t<!-- Inner panel Start -->\r\n\t\t\t\t\t<div class=\"wpsm_panel wpsm_panel-default\">\r\n\t\t\t\t\t\t<div class=\"wpsm_panel-heading\" role=\"tab\" >\r\n\t\t\t\t\t\t  <h4 class=\"wpsm_panel-title\">\r\n\t\t\t\t\t\t\t<a  class=\"\"  data-toggle=\"collapse\" data-parent=\"#wpsm_accordion_2016 \" href=\"javascript:void(0)\" data-target=\"#ac_2016_collapse1\" onclick=\"do_resize()\">\r\n\t\t\t\t\t\t\t\t\t\t\t\t\t\t\t\t\t<span class=\"ac_open_cl_icon fa fa-plus\"><\/span>\r\n\t\t\t\t\t\t\t\t\t\r\n\t\t\t\t\t\t\t\t \r\n\t\t\t\t\t\t\t\t<span class=\"ac_title_class\">\r\n\t\t\t\t\t\t\t\t\t\t\t\t\t\t\t\t\t\t\t\t<span style=\"margin-right:6px;\" class=\"fa fa-clipboard\"><\/span>\r\n\t\t\t\t\t\t\t\t\tAgenda 2030 Particpacio\u0301n CPUEP\t\t\t\t\t\t\t\t<\/span>\r\n\t\t\t\t\t\t\t<\/a>\r\n\t\t\t\t\t\t  <\/h4>\r\n\t\t\t\t\t\t<\/div>\r\n\t\t\t\t\t\t<div id=\"ac_2016_collapse1\" class=\"wpsm_panel-collapse collapse \"  >\r\n\t\t\t\t\t\t  <div class=\"wpsm_panel-body\">\r\n\t\t\t\t\t\t\t<div class=\"pdf\"><a href=\"https:\/\/www.ces.gob.ec\/doc\/regimen_academico\/TALLERES_DE_PREGRADO_2017\/AGENDA%202030-CES.pdf\" rel=\"noopener\" target=\"_blank\">AGENDA 2030 - CES<\/a><\/div>\r\n\t\t\t\t\t\t  <\/div>\r\n\t\t\t\t\t\t<\/div>\r\n\t\t\t\t\t<\/div>\r\n\t\t\t\t\t<!-- Inner panel End -->\r\n\t\t\t\t\t\r\n\t\t\t\t\t\t\t\t\r\n\t\t\t\t\t<!-- Inner panel Start -->\r\n\t\t\t\t\t<div class=\"wpsm_panel wpsm_panel-default\">\r\n\t\t\t\t\t\t<div class=\"wpsm_panel-heading\" role=\"tab\" >\r\n\t\t\t\t\t\t  <h4 class=\"wpsm_panel-title\">\r\n\t\t\t\t\t\t\t<a  class=\"collapsed\"  data-toggle=\"collapse\" data-parent=\"#wpsm_accordion_2016 \" href=\"javascript:void(0)\" data-target=\"#ac_2016_collapse2\" onclick=\"do_resize()\">\r\n\t\t\t\t\t\t\t\t\t\t\t\t\t\t\t\t\t<span class=\"ac_open_cl_icon fa fa-plus\"><\/span>\r\n\t\t\t\t\t\t\t\t\t\r\n\t\t\t\t\t\t\t\t \r\n\t\t\t\t\t\t\t\t<span class=\"ac_title_class\">\r\n\t\t\t\t\t\t\t\t\t\t\t\t\t\t\t\t\t\t\t\t<span style=\"margin-right:6px;\" class=\"fa fa-cloud-upload\"><\/span>\r\n\t\t\t\t\t\t\t\t\tTaller Capacitacio\u0301n Creacio\u0301n de UEP\t\t\t\t\t\t\t\t<\/span>\r\n\t\t\t\t\t\t\t<\/a>\r\n\t\t\t\t\t\t  <\/h4>\r\n\t\t\t\t\t\t<\/div>\r\n\t\t\t\t\t\t<div id=\"ac_2016_collapse2\" class=\"wpsm_panel-collapse collapse \"  >\r\n\t\t\t\t\t\t  <div class=\"wpsm_panel-body\">\r\n\t\t\t\t\t\t\t<div class=\"pdf\"><a href=\"https:\/\/www.ces.gob.ec\/doc\/regimen_academico\/TALLERES_DE_PREGRADO_2017\/CREACI%C3%93N%20UNIVERSIDADES%20-%20STO%20DOMINGO.pdf\" rel=\"noopener\" target=\"_blank\">Taller Capacitacio\u0301n Creacio\u0301n de UEP<\/a><\/div>\t\t\t\t\t\t  <\/div>\r\n\t\t\t\t\t\t<\/div>\r\n\t\t\t\t\t<\/div>\r\n\t\t\t\t\t<!-- Inner panel End -->\r\n\t\t\t\t\t\r\n\t\t\t\t\t\t\t\t\r\n\t\t\t\t\t<!-- Inner panel Start -->\r\n\t\t\t\t\t<div class=\"wpsm_panel wpsm_panel-default\">\r\n\t\t\t\t\t\t<div class=\"wpsm_panel-heading\" role=\"tab\" >\r\n\t\t\t\t\t\t  <h4 class=\"wpsm_panel-title\">\r\n\t\t\t\t\t\t\t<a  class=\"collapsed\"  data-toggle=\"collapse\" data-parent=\"#wpsm_accordion_2016 \" href=\"javascript:void(0)\" data-target=\"#ac_2016_collapse3\" onclick=\"do_resize()\">\r\n\t\t\t\t\t\t\t\t\t\t\t\t\t\t\t\t\t<span class=\"ac_open_cl_icon fa fa-plus\"><\/span>\r\n\t\t\t\t\t\t\t\t\t\r\n\t\t\t\t\t\t\t\t \r\n\t\t\t\t\t\t\t\t<span class=\"ac_title_class\">\r\n\t\t\t\t\t\t\t\t\t\t\t\t\t\t\t\t\t\t\t\t<span style=\"margin-right:6px;\" class=\"fa fa-clipboard\"><\/span>\r\n\t\t\t\t\t\t\t\t\tTaller con CEAACES\t\t\t\t\t\t\t\t<\/span>\r\n\t\t\t\t\t\t\t<\/a>\r\n\t\t\t\t\t\t  <\/h4>\r\n\t\t\t\t\t\t<\/div>\r\n\t\t\t\t\t\t<div id=\"ac_2016_collapse3\" class=\"wpsm_panel-collapse collapse \"  >\r\n\t\t\t\t\t\t  <div class=\"wpsm_panel-body\">\r\n\t\t\t\t\t\t\t<div class=\"pdf\"><a href=\"https:\/\/www.ces.gob.ec\/doc\/regimen_academico\/TALLERES_DE_PREGRADO_2017\/AGENDA%20TALLER%20ARTICULACI%C3%93N%20CES-CEAACES-SENESCYT.pdf\" rel=\"noopener\" target=\"_blank\">Agenda Taller Articulacio\u0301n CES - CEAACES - SENESCYT<\/a><\/div>\r\n<div class=\"pdf\"><a href=\"https:\/\/www.ces.gob.ec\/doc\/regimen_academico\/TALLERES_DE_PREGRADO_2017\/Taller%20de%20articulacion%20de%20procesos%20CES%20Ceaaces%20Senescyt.pdf\" rel=\"noopener\" target=\"_blank\">Taller de Articulacion de Procesos CES - CEAACES - SENESCYT<\/a><\/div>\t\t\t\t\t\t  <\/div>\r\n\t\t\t\t\t\t<\/div>\r\n\t\t\t\t\t<\/div>\r\n\t\t\t\t\t<!-- Inner panel End -->\r\n\t\t\t\t\t\r\n\t\t\t\t\t\t\t\t\r\n\t\t\t\t\t<!-- Inner panel Start -->\r\n\t\t\t\t\t<div class=\"wpsm_panel wpsm_panel-default\">\r\n\t\t\t\t\t\t<div class=\"wpsm_panel-heading\" role=\"tab\" >\r\n\t\t\t\t\t\t  <h4 class=\"wpsm_panel-title\">\r\n\t\t\t\t\t\t\t<a  class=\"collapsed\"  data-toggle=\"collapse\" data-parent=\"#wpsm_accordion_2016 \" href=\"javascript:void(0)\" data-target=\"#ac_2016_collapse4\" onclick=\"do_resize()\">\r\n\t\t\t\t\t\t\t\t\t\t\t\t\t\t\t\t\t<span class=\"ac_open_cl_icon fa fa-plus\"><\/span>\r\n\t\t\t\t\t\t\t\t\t\r\n\t\t\t\t\t\t\t\t \r\n\t\t\t\t\t\t\t\t<span class=\"ac_title_class\">\r\n\t\t\t\t\t\t\t\t\t\t\t\t\t\t\t\t\t\t\t\t<span style=\"margin-right:6px;\" class=\"fa fa-clipboard\"><\/span>\r\n\t\t\t\t\t\t\t\t\tTaller diagno\u0301stico RRA\t\t\t\t\t\t\t\t<\/span>\r\n\t\t\t\t\t\t\t<\/a>\r\n\t\t\t\t\t\t  <\/h4>\r\n\t\t\t\t\t\t<\/div>\r\n\t\t\t\t\t\t<div id=\"ac_2016_collapse4\" class=\"wpsm_panel-collapse collapse \"  >\r\n\t\t\t\t\t\t  <div class=\"wpsm_panel-body\">\r\n\t\t\t\t\t\t\t<div class=\"pdf\"><a href=\"https:\/\/www.ces.gob.ec\/doc\/regimen_academico\/TALLERES_DE_PREGRADO_2017\/PRESENTACI%C3%93N%20TALLER%20DIAGN%C3%93STICO%20RRA.pdf\" rel=\"noopener\" target=\"_blank\">Taller diagno\u0301stico RRA<\/a><\/div>\r\n\r\n<hr \/>\r\n\r\n<b>Agendas Talleres<\/b>\r\n\r\n<hr \/>\r\n\r\n<div class=\"pdf\"><a href=\"https:\/\/www.ces.gob.ec\/doc\/regimen_academico\/TALLERES_DE_PREGRADO_2017\/Tdrraa\/AGENDA%20GENERAL-TALLERES%20DIAGN%C3%93STICO%20RRA%202017.pdf\" rel=\"noopener\" target=\"_blank\">Agenda general - talleres diagn\u00f3stico RRA 2017<\/a><\/div>\r\n<div class=\"pdf\"><a href=\"https:\/\/www.ces.gob.ec\/doc\/regimen_academico\/TALLERES_DE_PREGRADO_2017\/Tdrraa\/AGENDA%20TALLER%20DIAGN%C3%93STICO%20RRA%202017-GUAYAQUIL%20G1.pdf\" rel=\"noopener\" target=\"_blank\">Agenda taller diagn\u00f3stico RRA 2017 - Guayaquil G1<\/a><\/div>\r\n<div class=\"pdf\"><a href=\"https:\/\/www.ces.gob.ec\/doc\/regimen_academico\/TALLERES_DE_PREGRADO_2017\/Tdrraa\/AGENDA%20TALLER%20DIAGN%C3%93STICO%20RRA%202017-GUAYAQUIL%20G2.pdf\" rel=\"noopener\" target=\"_blank\">Agenda taller diagn\u00f3stico RRA 2017 - Guayaquil G2<\/a><\/div>\r\n<div class=\"pdf\"><a href=\"https:\/\/www.ces.gob.ec\/doc\/regimen_academico\/TALLERES_DE_PREGRADO_2017\/Tdrraa\/AGENDA%20TALLER%20DIAGN%C3%93STICO%20RRA%202017-QUITO%20G3.pdf\" rel=\"noopener\" target=\"_blank\">Agenda taller diagn\u00f3stico RRA 2017 - Quito G3<\/a><\/div>\r\n<div class=\"pdf\"><a href=\"https:\/\/www.ces.gob.ec\/doc\/regimen_academico\/TALLERES_DE_PREGRADO_2017\/Tdrraa\/AGENDA%20TALLER%20DIAGN%C3%93STICO%20RRA%202017-QUITO%20G4.pdf\" rel=\"noopener\" target=\"_blank\">Agenda taller diagn\u00f3stico RRA 2017 - Quito G4<\/a><\/div>\r\n<hr \/>\r\n\r\n<b>Matrices para mesas de trabajo<\/b>\r\n\r\n<hr \/>\r\n\r\n<div class=\"pdf\"><a href=\"https:\/\/www.ces.gob.ec\/doc\/regimen_academico\/TALLERES_DE_PREGRADO_2017\/DOC_RESPALDO\/ANALISIS%20FODA.pdf\" rel=\"noopener\" target=\"_blank\">Analisis FODA<\/a><\/div>\r\n<div class=\"pdf\"><a href=\"https:\/\/www.ces.gob.ec\/doc\/regimen_academico\/TALLERES_DE_PREGRADO_2017\/DOC_RESPALDO\/%C3%81rbol%20de%20problemas-Taller.pdf\" rel=\"noopener\" target=\"_blank\">A\u0301rbol de problemas - taller<\/a><\/div>\r\n<div class=\"pdf\"><a href=\"https:\/\/www.ces.gob.ec\/doc\/regimen_academico\/TALLERES_DE_PREGRADO_2017\/DOC_RESPALDO\/Matriz%20de%20sugerencias.pdf\" rel=\"noopener\" target=\"_blank\">Matriz de sugerencias<\/a><\/div>\r\n\r\n<b>Sistematizacio\u0301n Talleres RRA<\/b>\r\n\r\n<hr \/>\r\n\r\n<div class=\"pdf\"><a href=\"https:\/\/www.ces.gob.ec\/doc\/regimen_academico\/TALLERES_DE_PREGRADO_2017\/RRA\/TALLER%201.%20I-CMI-DAI-No.034-2017.pdf\" rel=\"noopener\" target=\"_blank\">TALLER 1. I-CMI-DAI-No.034-2017(Guayaquil<\/a><\/div>\r\n<div class=\"pdf\"><a href=\"https:\/\/www.ces.gob.ec\/doc\/regimen_academico\/TALLERES_DE_PREGRADO_2017\/RRA\/TALLER%202.%20%20I-CMI-DAI-No.035-2017.pdf\" rel=\"noopener\" target=\"_blank\">TALLER 2. I-CMI-DAI-No.035-2017(Guayaquil)<\/a><\/div>\r\n<div class=\"pdf\"><a href=\"https:\/\/www.ces.gob.ec\/doc\/regimen_academico\/TALLERES_DE_PREGRADO_2017\/RRA\/TALLER%203.%20I-CMI-DAI-No.036-2017.pdf\" rel=\"noopener\" target=\"_blank\">TALLER 3. I-CMI-DAI-No.036-2017(Quito)<\/a><\/div>\r\n<div class=\"pdf\"><a href=\"https:\/\/www.ces.gob.ec\/doc\/regimen_academico\/TALLERES_DE_PREGRADO_2017\/RRA\/TALLER%204.%20I-CMI-DAI-No.037-2017.pdf\" rel=\"noopener\" target=\"_blank\">TALLER 5. I-CMI-DAI-No.037-2017(Quito)<\/a><\/div>\t\t\t\t\t\t  <\/div>\r\n\t\t\t\t\t\t<\/div>\r\n\t\t\t\t\t<\/div>\r\n\t\t\t\t\t<!-- Inner panel End -->\r\n\t\t\t\t\t\r\n\t\t\t\t\t\t\t\t\r\n\t\t\t\t\t<!-- Inner panel Start -->\r\n\t\t\t\t\t<div class=\"wpsm_panel wpsm_panel-default\">\r\n\t\t\t\t\t\t<div class=\"wpsm_panel-heading\" role=\"tab\" >\r\n\t\t\t\t\t\t  <h4 class=\"wpsm_panel-title\">\r\n\t\t\t\t\t\t\t<a  class=\"collapsed\"  data-toggle=\"collapse\" data-parent=\"#wpsm_accordion_2016 \" href=\"javascript:void(0)\" data-target=\"#ac_2016_collapse5\" onclick=\"do_resize()\">\r\n\t\t\t\t\t\t\t\t\t\t\t\t\t\t\t\t\t<span class=\"ac_open_cl_icon fa fa-plus\"><\/span>\r\n\t\t\t\t\t\t\t\t\t\r\n\t\t\t\t\t\t\t\t \r\n\t\t\t\t\t\t\t\t<span class=\"ac_title_class\">\r\n\t\t\t\t\t\t\t\t\t\t\t\t\t\t\t\t\t\t\t\t<span style=\"margin-right:6px;\" class=\"fa fa-clipboard\"><\/span>\r\n\t\t\t\t\t\t\t\t\tTaller Escalafon - Manta\t\t\t\t\t\t\t\t<\/span>\r\n\t\t\t\t\t\t\t<\/a>\r\n\t\t\t\t\t\t  <\/h4>\r\n\t\t\t\t\t\t<\/div>\r\n\t\t\t\t\t\t<div id=\"ac_2016_collapse5\" class=\"wpsm_panel-collapse collapse \"  >\r\n\t\t\t\t\t\t  <div class=\"wpsm_panel-body\">\r\n\t\t\t\t\t\t\t<div class=\"pdf\"><a href=\"https:\/\/www.ces.gob.ec\/doc\/regimen_academico\/TALLERES_DE_PREGRADO_2017\/A-AGENDA%20-%20TALLER%20ESCALAF%C3%93N%20MANTA.pdf\" rel=\"noopener\" target=\"_blank\">A-agenda - taller Escalaf\u00f3n Manta<\/a><\/div>\r\n<div class=\"pdf\"><a href=\"https:\/\/www.ces.gob.ec\/doc\/regimen_academico\/TALLERES_DE_PREGRADO_2017\/Matriz%20de%20Discusi%C3%B3n%20-%2005-10-17.pdf\" rel=\"noopener\" target=\"_blank\">Matriz de Discusio\u0301n<\/a><\/div>\r\n<div class=\"pdf\"><a href=\"https:\/\/www.ces.gob.ec\/doc\/regimen_academico\/TALLERES_DE_PREGRADO_2017\/PARTICPANTES%20DE%20GRUPOS%20DE%20TRABAJO-TALLER%20ESCALAFON.pdf\" rel=\"noopener\" target=\"_blank\">Particpantes de Grupos de Trabajo-Taller Escalaf\u00f3n<\/a><\/div>\r\n<div class=\"pdf\"><a href=\"https:\/\/www.ces.gob.ec\/doc\/regimen_academico\/TALLERES_DE_PREGRADO_2017\/RCEPI-MANTA-CPUEP.pdf\" rel=\"noopener\" target=\"_blank\">RCEPI-MANTA-CPUEP<\/a><\/div>\r\n\r\n\t\t\t\t\t\t  <\/div>\r\n\t\t\t\t\t\t<\/div>\r\n\t\t\t\t\t<\/div>\r\n\t\t\t\t\t<!-- Inner panel End -->\r\n\t\t\t\t\t\r\n\t\t\t\t\t\t\t\t\r\n\t\t\t\t\t<!-- Inner panel Start -->\r\n\t\t\t\t\t<div class=\"wpsm_panel wpsm_panel-default\">\r\n\t\t\t\t\t\t<div class=\"wpsm_panel-heading\" role=\"tab\" >\r\n\t\t\t\t\t\t  <h4 class=\"wpsm_panel-title\">\r\n\t\t\t\t\t\t\t<a  class=\"collapsed\"  data-toggle=\"collapse\" data-parent=\"#wpsm_accordion_2016 \" href=\"javascript:void(0)\" data-target=\"#ac_2016_collapse6\" onclick=\"do_resize()\">\r\n\t\t\t\t\t\t\t\t\t\t\t\t\t\t\t\t\t<span class=\"ac_open_cl_icon fa fa-plus\"><\/span>\r\n\t\t\t\t\t\t\t\t\t\r\n\t\t\t\t\t\t\t\t \r\n\t\t\t\t\t\t\t\t<span class=\"ac_title_class\">\r\n\t\t\t\t\t\t\t\t\t\t\t\t\t\t\t\t\t\t\t\t<span style=\"margin-right:6px;\" class=\"fa fa-clipboard\"><\/span>\r\n\t\t\t\t\t\t\t\t\tTaller Evaluacio\u0301n Estudiantil\t\t\t\t\t\t\t\t<\/span>\r\n\t\t\t\t\t\t\t<\/a>\r\n\t\t\t\t\t\t  <\/h4>\r\n\t\t\t\t\t\t<\/div>\r\n\t\t\t\t\t\t<div id=\"ac_2016_collapse6\" class=\"wpsm_panel-collapse collapse \"  >\r\n\t\t\t\t\t\t  <div class=\"wpsm_panel-body\">\r\n\t\t\t\t\t\t\t<div class=\"pdf\"><a href=\"https:\/\/www.ces.gob.ec\/doc\/regimen_academico\/TALLERES_DE_PREGRADO_2017\/AGENDA%20TALLER%20REGLAMENTO%20EVALUACI%C3%93N%20ESTUDIANTIL.pdf\" rel=\"noopener\" target=\"_blank\">Agenda taller reglamento evaluaci\u00f3n estudiantil<\/a><\/div>\r\n<div class=\"pdf\"><a href=\"https:\/\/www.ces.gob.ec\/doc\/regimen_academico\/TALLERES_DE_PREGRADO_2017\/PRESENTACI%C3%93N%20TALLER%20RSEE-CPUEP.pdf\" rel=\"noopener\" target=\"_blank\">Presentaci\u00f3n taller RSEE-CPUEP<\/a><\/div>\t\t\t\t\t\t  <\/div>\r\n\t\t\t\t\t\t<\/div>\r\n\t\t\t\t\t<\/div>\r\n\t\t\t\t\t<!-- Inner panel End -->\r\n\t\t\t\t\t\r\n\t\t\t\t\t\t\t<\/div>\r\n\t\t\t\r\n<script type=\"text\/javascript\">\r\n\t\r\n\t\tfunction do_resize(){\r\n\r\n\t\t\tvar width=jQuery( '.wpsm_panel .wpsm_panel-body iframe' ).width();\r\n\t\t\tvar height=jQuery( '.wpsm_panel .wpsm_panel-body iframe' ).height();\r\n\r\n\t\t\tvar toggleSize = true;\r\n\t\t\tjQuery('iframe').animate({\r\n\t\t\t    width: toggleSize ? width : 640,\r\n\t\t\t    height: toggleSize ? height : 360\r\n\t\t\t  }, 250);\r\n\r\n\t\t\t  toggleSize = !toggleSize;\r\n\t\t}\r\n\t\t\r\n<\/script>\t\n\n\n\n<p><\/p>\n","protected":false},"excerpt":{"rendered":"<p>Talleres 2017 Talleres participativos para el diagn\u00f3stico de la implementaci\u00f3n del Reglamento de R\u00e9gimen Acad\u00e9mico en el SES Talleres de Pregrado 2017<\/p>\n","protected":false},"author":1,"featured_media":0,"parent":0,"menu_order":0,"comment_status":"closed","ping_status":"closed","template":"","meta":{"_monsterinsights_skip_tracking":false,"_monsterinsights_sitenote_active":false,"_monsterinsights_sitenote_note":"","_monsterinsights_sitenote_category":0,"footnotes":""},"class_list":["post-2017","page","type-page","status-publish","hentry"],"_links":{"self":[{"href":"https:\/\/www.ces.gob.ec\/index.php?rest_route=\/wp\/v2\/pages\/2017","targetHints":{"allow":["GET"]}}],"collection":[{"href":"https:\/\/www.ces.gob.ec\/index.php?rest_route=\/wp\/v2\/pages"}],"about":[{"href":"https:\/\/www.ces.gob.ec\/index.php?rest_route=\/wp\/v2\/types\/page"}],"author":[{"embeddable":true,"href":"https:\/\/www.ces.gob.ec\/index.php?rest_route=\/wp\/v2\/users\/1"}],"replies":[{"embeddable":true,"href":"https:\/\/www.ces.gob.ec\/index.php?rest_route=%2Fwp%2Fv2%2Fcomments&post=2017"}],"version-history":[{"count":1,"href":"https:\/\/www.ces.gob.ec\/index.php?rest_route=\/wp\/v2\/pages\/2017\/revisions"}],"predecessor-version":[{"id":2018,"href":"https:\/\/www.ces.gob.ec\/index.php?rest_route=\/wp\/v2\/pages\/2017\/revisions\/2018"}],"wp:attachment":[{"href":"https:\/\/www.ces.gob.ec\/index.php?rest_route=%2Fwp%2Fv2%2Fmedia&parent=2017"}],"curies":[{"name":"wp","href":"https:\/\/api.w.org\/{rel}","templated":true}]}}