{"id":1833,"date":"2019-07-16T15:21:04","date_gmt":"2019-07-16T21:21:04","guid":{"rendered":"https:\/\/www.ces.gob.ec\/?page_id=1833"},"modified":"2019-07-17T11:16:39","modified_gmt":"2019-07-17T17:16:39","slug":"talleres-2018","status":"publish","type":"page","link":"https:\/\/www.ces.gob.ec\/?page_id=1833","title":{"rendered":"Talleres 2018"},"content":{"rendered":"\n<h3 class=\"wp-block-heading\">Talleres 2018<\/h3>\n\n\n\n<div style=\"height:20px\" aria-hidden=\"true\" class=\"wp-block-spacer\"><\/div>\n\n\n\n<h5 class=\"wp-block-heading\">Reuni\u00f3n de trabajo para el an\u00e1lisis del campo de conocimiento al que pertenece la carrera de psicolog\u00eda<\/h5>\n\n\n\t\t\t\t\t\t<style>\r\n\t\t\t\t<style>\r\n#wpsm_accordion_1830 .wpsm_panel-heading{\r\n\tpadding:0px !important;\r\n}\r\n#wpsm_accordion_1830 .wpsm_panel-title {\r\n\tmargin:0px !important; \r\n\ttext-transform:none !important;\r\n\tline-height: 1 !important;\r\n}\r\n#wpsm_accordion_1830 .wpsm_panel-title a{\r\n\ttext-decoration:none;\r\n\toverflow:hidden;\r\n\tdisplay:block;\r\n\tpadding:0px;\r\n\tfont-size: 15px !important;\r\n\tfont-family: Verdana !important;\r\n\tcolor:#1e73be !important;\r\n\tborder-bottom:0px !important;\r\n}\r\n\r\n#wpsm_accordion_1830 .wpsm_panel-title a:focus {\r\noutline: 0px !important;\r\n}\r\n\r\n#wpsm_accordion_1830 .wpsm_panel-title a:hover, #wpsm_accordion_1830 .wpsm_panel-title a:focus {\r\n\tcolor:#1e73be !important;\r\n}\r\n#wpsm_accordion_1830 .acc-a{\r\n\tcolor: #1e73be !important;\r\n\tbackground-color:#e8e8e8 !important;\r\n\tborder-color: #ddd;\r\n}\r\n#wpsm_accordion_1830 .wpsm_panel-default > .wpsm_panel-heading{\r\n\tcolor: #1e73be !important;\r\n\tbackground-color: #e8e8e8 !important;\r\n\tborder-color: #e8e8e8 !important;\r\n\tborder-top-left-radius: 0px;\r\n\tborder-top-right-radius: 0px;\r\n}\r\n#wpsm_accordion_1830 .wpsm_panel-default {\r\n\t\tborder:1px solid transparent !important;\r\n\t}\r\n#wpsm_accordion_1830 {\r\n\tmargin-bottom: 20px;\r\n\toverflow: hidden;\r\n\tfloat: none;\r\n\twidth: 100%;\r\n\tdisplay: block;\r\n}\r\n#wpsm_accordion_1830 .ac_title_class{\r\n\tdisplay: block;\r\n\tpadding-top: 12px;\r\n\tpadding-bottom: 12px;\r\n\tpadding-left: 15px;\r\n\tpadding-right: 15px;\r\n}\r\n#wpsm_accordion_1830  .wpsm_panel {\r\n\toverflow:hidden;\r\n\t-webkit-box-shadow: 0 0px 0px rgba(0, 0, 0, .05);\r\n\tbox-shadow: 0 0px 0px rgba(0, 0, 0, .05);\r\n\t\tborder-radius: 4px;\r\n\t}\r\n#wpsm_accordion_1830  .wpsm_panel + .wpsm_panel {\r\n\t\tmargin-top: 5px;\r\n\t}\r\n#wpsm_accordion_1830  .wpsm_panel-body{\r\n\tbackground-color:#ffffff !important;\r\n\tcolor:#333333 !important;\r\n\tborder-top-color: #e8e8e8 !important;\r\n\tfont-size:14px !important;\r\n\tfont-family: Verdana !important;\r\n\toverflow: hidden;\r\n\t\tborder: 2px solid #e8e8e8 !important;\r\n\t}\r\n\r\n#wpsm_accordion_1830 .ac_open_cl_icon{\r\n\tbackground-color:#e8e8e8 !important;\r\n\tcolor: #1e73be !important;\r\n\tfloat:right !important;\r\n\tpadding-top: 12px !important;\r\n\tpadding-bottom: 12px !important;\r\n\tline-height: 1.0 !important;\r\n\tpadding-left: 15px !important;\r\n\tpadding-right: 15px !important;\r\n\tdisplay: inline-block !important;\r\n}\r\n\r\n\t\t\t\r\n\t\t\tp{\r\nfont-family: &#039;Roboto&#039;, sans-serif;\r\n}<\/style>\t\r\n\t\t\t<\/style>\r\n\t\t\t<div class=\"wpsm_panel-group\" id=\"wpsm_accordion_1830\" >\r\n\t\t\t\t\t\t\t\t\r\n\t\t\t\t\t<!-- Inner panel Start -->\r\n\t\t\t\t\t<div class=\"wpsm_panel wpsm_panel-default\">\r\n\t\t\t\t\t\t<div class=\"wpsm_panel-heading\" role=\"tab\" >\r\n\t\t\t\t\t\t  <h4 class=\"wpsm_panel-title\">\r\n\t\t\t\t\t\t\t<a  class=\"\"  data-toggle=\"collapse\" data-parent=\"#wpsm_accordion_1830 \" href=\"javascript:void(0)\" data-target=\"#ac_1830_collapse1\" onclick=\"do_resize()\">\r\n\t\t\t\t\t\t\t\t\t\t\t\t\t\t\t\t\t<span class=\"ac_open_cl_icon fa fa-plus\"><\/span>\r\n\t\t\t\t\t\t\t\t\t\r\n\t\t\t\t\t\t\t\t \r\n\t\t\t\t\t\t\t\t<span class=\"ac_title_class\">\r\n\t\t\t\t\t\t\t\t\t\t\t\t\t\t\t\t\t\t\t\t<span style=\"margin-right:6px;\" class=\"fa fa-laptop\"><\/span>\r\n\t\t\t\t\t\t\t\t\tCarrera de psicolog\u00eda\t\t\t\t\t\t\t\t<\/span>\r\n\t\t\t\t\t\t\t<\/a>\r\n\t\t\t\t\t\t  <\/h4>\r\n\t\t\t\t\t\t<\/div>\r\n\t\t\t\t\t\t<div id=\"ac_1830_collapse1\" class=\"wpsm_panel-collapse collapse \"  >\r\n\t\t\t\t\t\t  <div class=\"wpsm_panel-body\">\r\n\t\t\t\t\t\t\t<div class=\"pdf\"><a href=\"\/documentos\/Taller\/2018\/psicologia\/AGENDA%20GENERAL-%20REUNI%c3%93N%20DE%20TRABAJO%20PSICOLOG%c3%8dA.pdf\" rel=\"noopener noreferrer\" target=\"_blank\">Agenda general- reunio\u0301n de trabajo psicologi\u0301a<\/div>\r\n<div class=\"pdf\"><a href=\"\/documentos\/Taller\/2018\/psicologia\/PRESENTACI\u00d3N - REUNI\u00d3N DE TRABAJO PSICOLOG\u00cdA.pdf\" rel=\"noopener noreferrer\" target=\"_blank\">Presentacio\u0301n - reunio\u0301n de trabajo psicologi\u0301a<\/div>\r\n<hr \/>\r\n\r\n<b>Documentos de apoyo<\/b>\r\n\r\n<hr \/>\r\n\r\n<div class=\"pdf\"><a href=\"\/documentos\/Taller\/2018\/psicologia\/ARMONIZACIon.pdf\" rel=\"noopener noreferrer\" target=\"_blank\">Armonizacio\u0301n y nomenclatura de titulos 2017<\/div>\r\n<div class=\"pdf\"><a href=\"\/documentos\/Taller\/2018\/psicologia\/CINE%20UNESCO%202011.pdf\" rel=\"noopener noreferrer\" target=\"_blank\">Cine UNESCO 2011<\/div>\r\n<div class=\"pdf\"><a href=\"\/documentos\/Taller\/2018\/psicologia\/CINE%20UNESCO%202013-pag%2018.pdf\" rel=\"noopener noreferrer\" target=\"_blank\">Cine UNESCO 2013<\/div>\r\n<div class=\"pdf\"><a href=\"\/documentos\/Taller\/2018\/psicologia\/RRA.pdf\" rel=\"noopener noreferrer\" target=\"_blank\">RRA<\/div>\r\n\r\n\t\t\t\t\t\t  <\/div>\r\n\t\t\t\t\t\t<\/div>\r\n\t\t\t\t\t<\/div>\r\n\t\t\t\t\t<!-- Inner panel End -->\r\n\t\t\t\t\t\r\n\t\t\t\t\t\t\t<\/div>\r\n\t\t\t\r\n<script type=\"text\/javascript\">\r\n\t\r\n\t\tfunction do_resize(){\r\n\r\n\t\t\tvar width=jQuery( '.wpsm_panel .wpsm_panel-body iframe' ).width();\r\n\t\t\tvar height=jQuery( '.wpsm_panel .wpsm_panel-body iframe' ).height();\r\n\r\n\t\t\tvar toggleSize = true;\r\n\t\t\tjQuery('iframe').animate({\r\n\t\t\t    width: toggleSize ? width : 640,\r\n\t\t\t    height: toggleSize ? height : 360\r\n\t\t\t  }, 250);\r\n\r\n\t\t\t  toggleSize = !toggleSize;\r\n\t\t}\r\n\t\t\r\n<\/script>\t\n\n\n\n<hr class=\"wp-block-separator\"\/>\n\n\n\n<h5 class=\"wp-block-heading\">Talleres de diagn\u00f3stico sobre los Reglamentos de Creaci\u00f3n, intervenci\u00f3n y suspensi\u00f3n de UEP (RCISUEP) y de Sanciones (RS)<\/h5>\n\n\n\t\t\t\t\t\t<style>\r\n\t\t\t\t<style>\r\n#wpsm_accordion_1831 .wpsm_panel-heading{\r\n\tpadding:0px !important;\r\n}\r\n#wpsm_accordion_1831 .wpsm_panel-title {\r\n\tmargin:0px !important; \r\n\ttext-transform:none !important;\r\n\tline-height: 1 !important;\r\n}\r\n#wpsm_accordion_1831 .wpsm_panel-title a{\r\n\ttext-decoration:none;\r\n\toverflow:hidden;\r\n\tdisplay:block;\r\n\tpadding:0px;\r\n\tfont-size: 15px !important;\r\n\tfont-family: Verdana !important;\r\n\tcolor:#1e73be !important;\r\n\tborder-bottom:0px !important;\r\n}\r\n\r\n#wpsm_accordion_1831 .wpsm_panel-title a:focus {\r\noutline: 0px !important;\r\n}\r\n\r\n#wpsm_accordion_1831 .wpsm_panel-title a:hover, #wpsm_accordion_1831 .wpsm_panel-title a:focus {\r\n\tcolor:#1e73be !important;\r\n}\r\n#wpsm_accordion_1831 .acc-a{\r\n\tcolor: #1e73be !important;\r\n\tbackground-color:#e8e8e8 !important;\r\n\tborder-color: #ddd;\r\n}\r\n#wpsm_accordion_1831 .wpsm_panel-default > .wpsm_panel-heading{\r\n\tcolor: #1e73be !important;\r\n\tbackground-color: #e8e8e8 !important;\r\n\tborder-color: #e8e8e8 !important;\r\n\tborder-top-left-radius: 0px;\r\n\tborder-top-right-radius: 0px;\r\n}\r\n#wpsm_accordion_1831 .wpsm_panel-default {\r\n\t\tborder:1px solid transparent !important;\r\n\t}\r\n#wpsm_accordion_1831 {\r\n\tmargin-bottom: 20px;\r\n\toverflow: hidden;\r\n\tfloat: none;\r\n\twidth: 100%;\r\n\tdisplay: block;\r\n}\r\n#wpsm_accordion_1831 .ac_title_class{\r\n\tdisplay: block;\r\n\tpadding-top: 12px;\r\n\tpadding-bottom: 12px;\r\n\tpadding-left: 15px;\r\n\tpadding-right: 15px;\r\n}\r\n#wpsm_accordion_1831  .wpsm_panel {\r\n\toverflow:hidden;\r\n\t-webkit-box-shadow: 0 0px 0px rgba(0, 0, 0, .05);\r\n\tbox-shadow: 0 0px 0px rgba(0, 0, 0, .05);\r\n\t\tborder-radius: 4px;\r\n\t}\r\n#wpsm_accordion_1831  .wpsm_panel + .wpsm_panel {\r\n\t\tmargin-top: 5px;\r\n\t}\r\n#wpsm_accordion_1831  .wpsm_panel-body{\r\n\tbackground-color:#ffffff !important;\r\n\tcolor:#333333 !important;\r\n\tborder-top-color: #e8e8e8 !important;\r\n\tfont-size:14px !important;\r\n\tfont-family: Verdana !important;\r\n\toverflow: hidden;\r\n\t\tborder: 2px solid #e8e8e8 !important;\r\n\t}\r\n\r\n#wpsm_accordion_1831 .ac_open_cl_icon{\r\n\tbackground-color:#e8e8e8 !important;\r\n\tcolor: #1e73be !important;\r\n\tfloat:right !important;\r\n\tpadding-top: 12px !important;\r\n\tpadding-bottom: 12px !important;\r\n\tline-height: 1.0 !important;\r\n\tpadding-left: 15px !important;\r\n\tpadding-right: 15px !important;\r\n\tdisplay: inline-block !important;\r\n}\r\n\r\n\t\t\t\r\n\t\t\tp{\r\nfont-family: &#039;Roboto&#039;, sans-serif;\r\n}<\/style>\t\r\n\t\t\t<\/style>\r\n\t\t\t<div class=\"wpsm_panel-group\" id=\"wpsm_accordion_1831\" >\r\n\t\t\t\t\t\t\t\t\r\n\t\t\t\t\t<!-- Inner panel Start -->\r\n\t\t\t\t\t<div class=\"wpsm_panel wpsm_panel-default\">\r\n\t\t\t\t\t\t<div class=\"wpsm_panel-heading\" role=\"tab\" >\r\n\t\t\t\t\t\t  <h4 class=\"wpsm_panel-title\">\r\n\t\t\t\t\t\t\t<a  class=\"\"  data-toggle=\"collapse\" data-parent=\"#wpsm_accordion_1831 \" href=\"javascript:void(0)\" data-target=\"#ac_1831_collapse1\" onclick=\"do_resize()\">\r\n\t\t\t\t\t\t\t\t\t\t\t\t\t\t\t\t\t<span class=\"ac_open_cl_icon fa fa-plus\"><\/span>\r\n\t\t\t\t\t\t\t\t\t\r\n\t\t\t\t\t\t\t\t \r\n\t\t\t\t\t\t\t\t<span class=\"ac_title_class\">\r\n\t\t\t\t\t\t\t\t\t\t\t\t\t\t\t\t\t\t\t\t<span style=\"margin-right:6px;\" class=\"fa fa-clipboard\"><\/span>\r\n\t\t\t\t\t\t\t\t\tA-Taller Quito - RCISUEP y RS\t\t\t\t\t\t\t\t<\/span>\r\n\t\t\t\t\t\t\t<\/a>\r\n\t\t\t\t\t\t  <\/h4>\r\n\t\t\t\t\t\t<\/div>\r\n\t\t\t\t\t\t<div id=\"ac_1831_collapse1\" class=\"wpsm_panel-collapse collapse \"  >\r\n\t\t\t\t\t\t  <div class=\"wpsm_panel-body\">\r\n\t\t\t\t\t\t\t<div class=\"pdf\"><a href=\"\/documentos\/Taller\/2018\/Diagnostico\/A\/Agenda%20Quito%20Diagn%c3%b3stico%20RCISUEP-RS%202018.pdf\" rel=\"noopener\" target=\"_blank\">Agenda Diagno\u0301stico RCISUEP-RS 2018<\/a><\/div>\r\n<div class=\"pdf\"><a href=\"\/documentos\/Taller\/2018\/Diagnostico\/A\/Taller%20Diagn%c3%b3stico%20RCISUEP%20y%20RS.pdf\" rel=\"noopener\" target=\"_blank\">Taller Diagno\u0301stico RCISUEP y RS<\/a><\/div>\r\n\r\n<hr \/>\r\n\r\n<b>Herramientas Taller RCISUEP<\/b>\r\n<hr \/>\r\n\r\n<div class=\"pdf\"><a href=\"\/documentos\/Taller\/2018\/Diagnostico\/An%c3%a1lisis%20FODA.pdf\" rel=\"noopener\" target=\"_blank\">Ana\u0301lisis FODA<\/a><\/div>\r\n<div class=\"pdf\"><a href=\"\/documentos\/Taller\/2018\/Diagnostico\/rbol%20de%20problemas-Taller.xlsx\" rel=\"noopener\" target=\"_blank\">A\u0301rbol de problemas - taller<\/a><\/div>\r\n<div class=\"pdf\"><a href=\"\/documentos\/Taller\/2018\/Diagnostico\/Matriz%20de%20sugerencias-SIN%20CLAVE.pdf\" rel=\"noopener\" target=\"_blank\">Matriz de sugerencias - SIN CLAVE<\/a><\/div>\r\n<hr \/>\r\n\r\n<b>Mesas de Trabajo<\/b>\r\n\r\n<hr \/>\r\n\r\n<div class=\"pdf\"><a href=\"\/documentos\/Taller\/2018\/Diagnostico\/A\/Sugerencias-mesa%201%20Quito.pdf\" rel=\"noopener\" target=\"_blank\">Sugerencias de mesa 1<\/a><\/div>\r\n<div class=\"pdf\"><a href=\"\/documentos\/Taller\/2018\/Diagnostico\/A\/Sugerencias-mesa%202%20Quito.pdf\" rel=\"noopener\" target=\"_blank\">Sugerencias de mesa 2<\/a><\/div>\r\n<div class=\"pdf\"><a href=\"\/documentos\/Taller\/2018\/Diagnostico\/A\/Sugerencias-mesa%203%20Quito.pdf\" rel=\"noopener\" target=\"_blank\">Sugerencias de mesa 3<\/a><\/div>\r\n<div class=\"pdf\"><a href=\"\/documentos\/Taller\/2018\/Diagnostico\/A\/Sugerencias-mesa%204%20Quito.pdf\" rel=\"noopener\" target=\"_blank\">Sugerencias de mesa 4<\/a><\/div>\t\t\t\t\t\t  <\/div>\r\n\t\t\t\t\t\t<\/div>\r\n\t\t\t\t\t<\/div>\r\n\t\t\t\t\t<!-- Inner panel End -->\r\n\t\t\t\t\t\r\n\t\t\t\t\t\t\t\t\r\n\t\t\t\t\t<!-- Inner panel Start -->\r\n\t\t\t\t\t<div class=\"wpsm_panel wpsm_panel-default\">\r\n\t\t\t\t\t\t<div class=\"wpsm_panel-heading\" role=\"tab\" >\r\n\t\t\t\t\t\t  <h4 class=\"wpsm_panel-title\">\r\n\t\t\t\t\t\t\t<a  class=\"collapsed\"  data-toggle=\"collapse\" data-parent=\"#wpsm_accordion_1831 \" href=\"javascript:void(0)\" data-target=\"#ac_1831_collapse2\" onclick=\"do_resize()\">\r\n\t\t\t\t\t\t\t\t\t\t\t\t\t\t\t\t\t<span class=\"ac_open_cl_icon fa fa-plus\"><\/span>\r\n\t\t\t\t\t\t\t\t\t\r\n\t\t\t\t\t\t\t\t \r\n\t\t\t\t\t\t\t\t<span class=\"ac_title_class\">\r\n\t\t\t\t\t\t\t\t\t\t\t\t\t\t\t\t\t\t\t\t<span style=\"margin-right:6px;\" class=\"fa fa-clipboard\"><\/span>\r\n\t\t\t\t\t\t\t\t\tB-Taller Manta - RCISUEP y RS\t\t\t\t\t\t\t\t<\/span>\r\n\t\t\t\t\t\t\t<\/a>\r\n\t\t\t\t\t\t  <\/h4>\r\n\t\t\t\t\t\t<\/div>\r\n\t\t\t\t\t\t<div id=\"ac_1831_collapse2\" class=\"wpsm_panel-collapse collapse \"  >\r\n\t\t\t\t\t\t  <div class=\"wpsm_panel-body\">\r\n\t\t\t\t\t\t\t<div class=\"pdf\"><a href=\"\/documentos\/Taller\/2018\/Diagnostico\/B\/Agenda Manta Diagn\u00f3stico RCISUEP-RS 2018.pdf\" rel=\"noopener\" target=\"_blank\">Agenda Diagno\u0301stico RCISUEP-RS 2018<\/a><\/div>\r\n<div class=\"pdf\"><a href=\"\/documentos\/Taller\/2018\/Diagnostico\/B\/TALLER%20DIAGN%c3%93STICO%20RCISUEP%20Y%20RS-MANTA.pdf\" rel=\"noopener\" target=\"_blank\">Taller Diagno\u0301stico RCISUEP y RS<\/a><\/div>\r\n\r\n\r\n<hr \/>\r\n\r\n<b>Herramientas Taller RCISUEP<\/b>\r\n\r\n<hr \/>\r\n\r\n<div class=\"pdf\"><a href=\"\/documentos\/Taller\/2018\/Diagnostico\/An%c3%a1lisis%20FODA.pdf\" rel=\"noopener\" target=\"_blank\">Ana\u0301lisis FODA<\/a><\/div>\r\n<div class=\"pdf\"><a href=\"\/documentos\/Taller\/2018\/Diagnostico\/rbol%20de%20problemas-Taller.xlsx\" rel=\"noopener\" target=\"_blank\">A\u0301rbol de problemas - taller<\/a><\/div>\r\n<div class=\"pdf\"><a href=\"\/documentos\/Taller\/2018\/Diagnostico\/Matriz%20de%20sugerencias-SIN%20CLAVE.pdf\" rel=\"noopener\" target=\"_blank\">Matriz de sugerencias - SIN CLAVE<\/a><\/div>\r\n\r\n<hr \/>\r\n\r\n<b>Mesas de Trabajo<\/b>\r\n\r\n<hr \/>\r\n\r\n<div class=\"pdf\"><a href=\"\/documentos\/Taller\/2018\/Diagnostico\/B\/Sugerencias-RCISUEP_manta.pdf\" rel=\"noopener\" target=\"_blank\"\u201d>Sugerencias de mesa 1<\/a><\/div>\r\n<div class=\"pdf\"><a href=\"\/documentos\/Taller\/2018\/Diagnostico\/B\/Sugerencias-mesa%202%20Quito.pdf\" rel=\"noopener\" target=\"_blank\"\u201d>Sugerencias de mesa 2<\/a><\/div>\t\t\t\t\t\t  <\/div>\r\n\t\t\t\t\t\t<\/div>\r\n\t\t\t\t\t<\/div>\r\n\t\t\t\t\t<!-- Inner panel End -->\r\n\t\t\t\t\t\r\n\t\t\t\t\t\t\t\t\r\n\t\t\t\t\t<!-- Inner panel Start -->\r\n\t\t\t\t\t<div class=\"wpsm_panel wpsm_panel-default\">\r\n\t\t\t\t\t\t<div class=\"wpsm_panel-heading\" role=\"tab\" >\r\n\t\t\t\t\t\t  <h4 class=\"wpsm_panel-title\">\r\n\t\t\t\t\t\t\t<a  class=\"collapsed\"  data-toggle=\"collapse\" data-parent=\"#wpsm_accordion_1831 \" href=\"javascript:void(0)\" data-target=\"#ac_1831_collapse3\" onclick=\"do_resize()\">\r\n\t\t\t\t\t\t\t\t\t\t\t\t\t\t\t\t\t<span class=\"ac_open_cl_icon fa fa-plus\"><\/span>\r\n\t\t\t\t\t\t\t\t\t\r\n\t\t\t\t\t\t\t\t \r\n\t\t\t\t\t\t\t\t<span class=\"ac_title_class\">\r\n\t\t\t\t\t\t\t\t\t\t\t\t\t\t\t\t\t\t\t\t<span style=\"margin-right:6px;\" class=\"fa fa-clipboard\"><\/span>\r\n\t\t\t\t\t\t\t\t\tC-Taller Cuenca - RCISUEP y RS\t\t\t\t\t\t\t\t<\/span>\r\n\t\t\t\t\t\t\t<\/a>\r\n\t\t\t\t\t\t  <\/h4>\r\n\t\t\t\t\t\t<\/div>\r\n\t\t\t\t\t\t<div id=\"ac_1831_collapse3\" class=\"wpsm_panel-collapse collapse \"  >\r\n\t\t\t\t\t\t  <div class=\"wpsm_panel-body\">\r\n\t\t\t\t\t\t\t<div class=\"pdf\"><a href=\"\/documentos\/Taller\/2018\/Diagnostico\/C\/Agenda%20Cuenca%20Diagn%c3%b3stico%20RCISUEP-RS%202018.pdf\" rel=\"noopener\" target=\"_blank\">Agenda Diagno\u0301stico RCISUEP-RS 2018<\/a><\/div>\r\n<div class=\"pdf\"><a href=\"\/documentos\/Taller\/2018\/Diagnostico\/C\/TALLER%20DIAGN%c3%93STICO%20RCISUEP%20Y%20RS-CUENCA.pdf\" rel=\"noopener\" target=\"_blank\">Taller Diagno\u0301stico RCISUEP y RS<\/a><\/div>\r\n<div><\/div>\r\n\r\n<hr \/>\r\n\r\n<b>Herramientas Taller RCISUEP<\/b>\r\n\r\n<hr \/>\r\n\r\n<<div class=\"pdf\"><a href=\"\/documentos\/Taller\/2018\/Diagnostico\/An%c3%a1lisis%20FODA.pdf\" rel=\"noopener\" target=\"_blank\">Ana\u0301lisis FODA<\/a><\/div>\r\n<div class=\"pdf\"><a href=\"\/documentos\/Taller\/2018\/Diagnostico\/rbol%20de%20problemas-Taller.xlsx\" rel=\"noopener\" target=\"_blank\">A\u0301rbol de problemas - taller<\/a><\/div>\r\n<div class=\"pdf\"><a href=\"\/documentos\/Taller\/2018\/Diagnostico\/Matriz%20de%20sugerencias-SIN%20CLAVE.pdf\" rel=\"noopener\" target=\"_blank\">Matriz de sugerencias - SIN CLAVE<\/a><\/div>\t\t\t\t\t\t  <\/div>\r\n\t\t\t\t\t\t<\/div>\r\n\t\t\t\t\t<\/div>\r\n\t\t\t\t\t<!-- Inner panel End -->\r\n\t\t\t\t\t\r\n\t\t\t\t\t\t\t\t\r\n\t\t\t\t\t<!-- Inner panel Start -->\r\n\t\t\t\t\t<div class=\"wpsm_panel wpsm_panel-default\">\r\n\t\t\t\t\t\t<div class=\"wpsm_panel-heading\" role=\"tab\" >\r\n\t\t\t\t\t\t  <h4 class=\"wpsm_panel-title\">\r\n\t\t\t\t\t\t\t<a  class=\"collapsed\"  data-toggle=\"collapse\" data-parent=\"#wpsm_accordion_1831 \" href=\"javascript:void(0)\" data-target=\"#ac_1831_collapse4\" onclick=\"do_resize()\">\r\n\t\t\t\t\t\t\t\t\t\t\t\t\t\t\t\t\t<span class=\"ac_open_cl_icon fa fa-plus\"><\/span>\r\n\t\t\t\t\t\t\t\t\t\r\n\t\t\t\t\t\t\t\t \r\n\t\t\t\t\t\t\t\t<span class=\"ac_title_class\">\r\n\t\t\t\t\t\t\t\t\t\t\t\t\t\t\t\t\t\t\t\t<span style=\"margin-right:6px;\" class=\"fa fa-clipboard\"><\/span>\r\n\t\t\t\t\t\t\t\t\tD-Taler Guayaquil - RCISUEP y RS\t\t\t\t\t\t\t\t<\/span>\r\n\t\t\t\t\t\t\t<\/a>\r\n\t\t\t\t\t\t  <\/h4>\r\n\t\t\t\t\t\t<\/div>\r\n\t\t\t\t\t\t<div id=\"ac_1831_collapse4\" class=\"wpsm_panel-collapse collapse \"  >\r\n\t\t\t\t\t\t  <div class=\"wpsm_panel-body\">\r\n\t\t\t\t\t\t\t<div class=\"pdf\"><a href=\"\/documentos\/Taller\/2018\/Diagnostico\/D\/Agenda%20Guayaquil%20Diagn%c3%b3stico%20RCISUEP-RS%202018.pdf\" rel=\"noopener\" target=\"_blank\">Agenda Diagno\u0301stico RCISUEP-RS 2018<\/a><\/div>\r\n<div class=\"pdf\"><a href=\"\/documentos\/Taller\/2018\/Diagnostico\/D\/TALLER%20DIAGN%c3%93STICO%20RCISUEP%20Y%20RS-GYE.pdf\" rel=\"noopener\" target=\"_blank\">Taller Diagno\u0301stico RCISUEP y RS<\/a><\/div>\r\n<div><\/div>\r\n\r\n<hr \/>\r\n\r\n<b>Herramientas Taller RCISUEP<\/b>\r\n\r\n<hr \/>\r\n\r\n<div class=\"pdf\"><a href=\"\/documentos\/Taller\/2018\/Diagnostico\/An%c3%a1lisis%20FODA.pdf\" rel=\"noopener\" target=\"_blank\">Ana\u0301lisis FODA<\/a><\/div>\r\n<div class=\"pdf\"><a href=\"\/documentos\/Taller\/2018\/Diagnostico\/rbol%20de%20problemas-Taller.xlsx\" rel=\"noopener\" target=\"_blank\">A\u0301rbol de problemas - taller<\/a><\/div>\r\n<div class=\"pdf\"><a href=\"\/documentos\/Taller\/2018\/Diagnostico\/Matriz%20de%20sugerencias-SIN%20CLAVE.pdf\" rel=\"noopener\" target=\"_blank\">Matriz de sugerencias - SIN CLAVE<\/a><\/div>\t\t\t\t\t\t  <\/div>\r\n\t\t\t\t\t\t<\/div>\r\n\t\t\t\t\t<\/div>\r\n\t\t\t\t\t<!-- Inner panel End -->\r\n\t\t\t\t\t\r\n\t\t\t\t\t\t\t<\/div>\r\n\t\t\t\r\n<script type=\"text\/javascript\">\r\n\t\r\n\t\tfunction do_resize(){\r\n\r\n\t\t\tvar width=jQuery( '.wpsm_panel .wpsm_panel-body iframe' ).width();\r\n\t\t\tvar height=jQuery( '.wpsm_panel .wpsm_panel-body iframe' ).height();\r\n\r\n\t\t\tvar toggleSize = true;\r\n\t\t\tjQuery('iframe').animate({\r\n\t\t\t    width: toggleSize ? width : 640,\r\n\t\t\t    height: toggleSize ? height : 360\r\n\t\t\t  }, 250);\r\n\r\n\t\t\t  toggleSize = !toggleSize;\r\n\t\t}\r\n\t\t\r\n<\/script>\t\n\n\n\n<p><\/p>\n","protected":false},"excerpt":{"rendered":"<p>Talleres 2018 Reuni\u00f3n de trabajo para el an\u00e1lisis del campo de conocimiento al que pertenece la carrera de psicolog\u00eda Talleres de diagn\u00f3stico sobre los Reglamentos de Creaci\u00f3n, intervenci\u00f3n y suspensi\u00f3n de UEP (RCISUEP) y de Sanciones (RS)<\/p>\n","protected":false},"author":1,"featured_media":0,"parent":0,"menu_order":0,"comment_status":"closed","ping_status":"closed","template":"","meta":{"_monsterinsights_skip_tracking":false,"_monsterinsights_sitenote_active":false,"_monsterinsights_sitenote_note":"","_monsterinsights_sitenote_category":0,"footnotes":""},"class_list":["post-1833","page","type-page","status-publish","hentry"],"_links":{"self":[{"href":"https:\/\/www.ces.gob.ec\/index.php?rest_route=\/wp\/v2\/pages\/1833","targetHints":{"allow":["GET"]}}],"collection":[{"href":"https:\/\/www.ces.gob.ec\/index.php?rest_route=\/wp\/v2\/pages"}],"about":[{"href":"https:\/\/www.ces.gob.ec\/index.php?rest_route=\/wp\/v2\/types\/page"}],"author":[{"embeddable":true,"href":"https:\/\/www.ces.gob.ec\/index.php?rest_route=\/wp\/v2\/users\/1"}],"replies":[{"embeddable":true,"href":"https:\/\/www.ces.gob.ec\/index.php?rest_route=%2Fwp%2Fv2%2Fcomments&post=1833"}],"version-history":[{"count":11,"href":"https:\/\/www.ces.gob.ec\/index.php?rest_route=\/wp\/v2\/pages\/1833\/revisions"}],"predecessor-version":[{"id":1881,"href":"https:\/\/www.ces.gob.ec\/index.php?rest_route=\/wp\/v2\/pages\/1833\/revisions\/1881"}],"wp:attachment":[{"href":"https:\/\/www.ces.gob.ec\/index.php?rest_route=%2Fwp%2Fv2%2Fmedia&parent=1833"}],"curies":[{"name":"wp","href":"https:\/\/api.w.org\/{rel}","templated":true}]}}