{"id":1596,"date":"2019-06-25T14:02:05","date_gmt":"2019-06-25T20:02:05","guid":{"rendered":"https:\/\/www.ces.gob.ec\/?page_id=1596"},"modified":"2026-04-23T16:29:39","modified_gmt":"2026-04-23T21:29:39","slug":"dra-catalina-velez-verdugo-ph-d","status":"publish","type":"page","link":"https:\/\/www.ces.gob.ec\/?page_id=1596","title":{"rendered":"Lcda. Catalina V\u00e9lez Verdugo, Ph.D"},"content":{"rendered":"\n<div class=\"wp-block-columns has-2-columns is-layout-flex wp-container-core-columns-is-layout-9d6595d7 wp-block-columns-is-layout-flex\">\n<div class=\"wp-block-column is-layout-flow wp-block-column-is-layout-flow\">\n<h2 class=\"wp-block-heading\"><strong><strong>Lcda<\/strong>. Catalina V\u00e9lez Verdugo, Ph.D<\/strong><\/h2>\n\n\n\n<p><strong>Consejera Acad\u00e9mica del Consejo de Educaci\u00f3n Superior<\/strong><\/p>\n\n\n\n<p><strong>Tel:<\/strong> (02) 3947 820&nbsp;&nbsp; <\/p>\n\n\n\n<p><strong>Correo: <\/strong><a href=\"mailto:catalina.velez@ces.gob.ec\">catalina.velez@ces.gob.ec<\/a><\/p>\n\n\n<\/div>\n\n\n\n<div class=\"wp-block-column is-layout-flow wp-block-column-is-layout-flow\">\n<figure class=\"wp-block-gallery has-nested-images columns-default is-cropped wp-block-gallery-1 is-layout-flex wp-block-gallery-is-layout-flex\">\n<figure class=\"wp-block-image size-large\"><img loading=\"lazy\" decoding=\"async\" width=\"1015\" height=\"1024\" data-id=\"6900\" src=\"https:\/\/www.ces.gob.ec\/wp-content\/uploads\/2026\/04\/R62_0358-1015x1024.jpg\" alt=\"\" class=\"wp-image-6900\" srcset=\"https:\/\/www.ces.gob.ec\/wp-content\/uploads\/2026\/04\/R62_0358-1015x1024.jpg 1015w, https:\/\/www.ces.gob.ec\/wp-content\/uploads\/2026\/04\/R62_0358-298x300.jpg 298w, https:\/\/www.ces.gob.ec\/wp-content\/uploads\/2026\/04\/R62_0358-150x150.jpg 150w, https:\/\/www.ces.gob.ec\/wp-content\/uploads\/2026\/04\/R62_0358-768x774.jpg 768w, https:\/\/www.ces.gob.ec\/wp-content\/uploads\/2026\/04\/R62_0358.jpg 1071w\" sizes=\"auto, (max-width: 1015px) 100vw, 1015px\" \/><\/figure>\n<\/figure>\n<\/div>\n<\/div>\n\n\n\n<h3 class=\"wp-block-heading\">Formaci\u00f3n Acad\u00e9mica <\/h3>\n\n\n\n<ul class=\"wp-block-list\">\n<li>Doctora en Desigualdades e&nbsp;Intervenci\u00f3n&nbsp;Social.&nbsp;Multiculturalismo, Interculturalidad y&nbsp;Diversidad,&nbsp;Universidad&nbsp;Pablode Olavide,&nbsp;Sevilla, Espa\u00f1a.<\/li>\n\n\n\n<li>Mag\u00edster en&nbsp;Estudios Latinoamericanos, Menci\u00f3n en Estudios de la Cultura, Universidad Andina Sim\u00f3n Bol\u00edvar, Sede Ecuador. <\/li>\n\n\n\n<li>Licenciada en Ciencias de la Educaci\u00f3n, Especialidad Psicopedagog\u00eda,&nbsp;Universidad&nbsp;Polit\u00e9cnica Salesiana, Quito, Ecuador.&nbsp;<\/li>\n<\/ul>\n\n\n\n<h3 class=\"wp-block-heading\">Trayectoria Acad\u00e9mica<\/h3>\n\n\n\n<ul class=\"wp-block-list\">\n<li>Profesora en la Facultad de&nbsp;Ciencias Humanas y Sociales,&nbsp;Universidad&nbsp;Polit\u00e9cnica Salesiana, Quito (1996\u2013 1999).<\/li>\n\n\n\n<li>Profesora&nbsp;Invitada en universidades internacionales: Conselho&nbsp;Indigenista Misionero (CIMI) en Manaus, Sao Luis, Boa Vista, Sao&nbsp;Paulo; Escuela de Antropolog\u00eda Aplicada, Misi\u00f3n&nbsp;Salesiana de Argentina, Trelew y Jun\u00edn de&nbsp;los Andes; Universidad&nbsp;Nacional de&nbsp;Educaci\u00f3n a Distancia del Departamento de Estudios Interculturales, Programa&nbsp;Intercampus en&nbsp;Madrid. <\/li>\n\n\n\n<li>Profesora en la&nbsp;Escuela de&nbsp;Educaci\u00f3n&nbsp;Intercultural,&nbsp;Programa&nbsp;Acad\u00e9mico de&nbsp;Cotopaxi\u2013 PAC. Facultad de Ciencias Humanas y de&nbsp;la Educaci\u00f3n, Universidad Polit\u00e9cnica Salesiana,&nbsp;Quito.<\/li>\n\n\n\n<li>Profesora en Programas de&nbsp;Maestr\u00eda de:&nbsp;Educaci\u00f3n e&nbsp;Interculturalidad en la&nbsp;Unidad&nbsp;Acad\u00e9mica de&nbsp;Postgrados de la&nbsp;Universidad&nbsp;Polit\u00e9cnica&nbsp;Salesiana y en Maestr\u00eda en&nbsp;Desarrollo&nbsp;Humano y en Desarrollo Local Comunitario en la Pontificia Universidad Cat\u00f3lica del Ecuador.<\/li>\n\n\n\n<li>Perita evaluadora de Programas de Postgrado en Educaci\u00f3n, Consejo de Educaci\u00f3n Superior del Ecuador, CES, Quito (2012-2016).<\/li>\n\n\n\n<li>Editora, Asesora pedag\u00f3gica en la Editorial Santillana, Quito.<\/li>\n\n\n\n<li>Profesora en la Facultad de&nbsp;Ciencias de&nbsp;la&nbsp;Educaci\u00f3n en la Pontificia&nbsp;Universidad Cat\u00f3lica del Ecuador, Quito. <\/li>\n\n\n\n<li>Profesora en el \u00c1rea de&nbsp;Educaci\u00f3n de la Universidad Andina&nbsp;Sim\u00f3n&nbsp;Bol\u00edvar,&nbsp;Ecuador.<\/li>\n\n\n\n<li>Coordinadora Acad\u00e9mica del Programa Especialidad Superior Inclusi\u00f3n Educativa.&nbsp;<\/li>\n<\/ul>\n\n\n","protected":false},"excerpt":{"rendered":"<p>Lcda. Catalina V\u00e9lez Verdugo, Ph.D Consejera Acad\u00e9mica del Consejo de Educaci\u00f3n Superior Tel: (02) 3947 820&nbsp;&nbsp; Correo: catalina.velez@ces.gob.ec Formaci\u00f3n Acad\u00e9mica Trayectoria Acad\u00e9mica<\/p>\n","protected":false},"author":1,"featured_media":0,"parent":0,"menu_order":0,"comment_status":"closed","ping_status":"closed","template":"","meta":{"_monsterinsights_skip_tracking":false,"_monsterinsights_sitenote_active":false,"_monsterinsights_sitenote_note":"","_monsterinsights_sitenote_category":0,"footnotes":""},"class_list":["post-1596","page","type-page","status-publish","hentry"],"_links":{"self":[{"href":"https:\/\/www.ces.gob.ec\/index.php?rest_route=\/wp\/v2\/pages\/1596","targetHints":{"allow":["GET"]}}],"collection":[{"href":"https:\/\/www.ces.gob.ec\/index.php?rest_route=\/wp\/v2\/pages"}],"about":[{"href":"https:\/\/www.ces.gob.ec\/index.php?rest_route=\/wp\/v2\/types\/page"}],"author":[{"embeddable":true,"href":"https:\/\/www.ces.gob.ec\/index.php?rest_route=\/wp\/v2\/users\/1"}],"replies":[{"embeddable":true,"href":"https:\/\/www.ces.gob.ec\/index.php?rest_route=%2Fwp%2Fv2%2Fcomments&post=1596"}],"version-history":[{"count":38,"href":"https:\/\/www.ces.gob.ec\/index.php?rest_route=\/wp\/v2\/pages\/1596\/revisions"}],"predecessor-version":[{"id":6901,"href":"https:\/\/www.ces.gob.ec\/index.php?rest_route=\/wp\/v2\/pages\/1596\/revisions\/6901"}],"wp:attachment":[{"href":"https:\/\/www.ces.gob.ec\/index.php?rest_route=%2Fwp%2Fv2%2Fmedia&parent=1596"}],"curies":[{"name":"wp","href":"https:\/\/api.w.org\/{rel}","templated":true}]}}

Lcda. Catalina Vélez Verdugo, Ph.D

<div class="wp-block-columns has-2-columns is-layout-flex wp-container-core-columns-is-layout-9d6595d7 wp-block-columns-is-layout-flex">
<div class="wp-block-column is-layout-flow wp-block-column-is-layout-flow">
<h2 class="wp-block-heading"><strong><strong>Lcda</strong>. Catalina Vélez Verdugo, Ph.D</strong></h2>



<p><strong>Consejera Académica del Consejo de Educación Superior</strong></p>



<p><strong>Tel:</strong> (02) 3947 820&nbsp;&nbsp; </p>



<p><strong>Correo: </strong><a href="mailto:catalina.velez@ces.gob.ec">catalina.velez@ces.gob.ec</a></p>


</div>



<div class="wp-block-column is-layout-flow wp-block-column-is-layout-flow">
<figure class="wp-block-gallery has-nested-images columns-default is-cropped wp-block-gallery-1 is-layout-flex wp-block-gallery-is-layout-flex">
<figure class="wp-block-image size-large"><img loading="lazy" decoding="async" width="1015" height="1024" data-id="6900" src="https://www.ces.gob.ec/wp-content/uploads/2026/04/R62_0358-1015x1024.jpg" alt="" class="wp-image-6900" srcset="https://www.ces.gob.ec/wp-content/uploads/2026/04/R62_0358-1015x1024.jpg 1015w, https://www.ces.gob.ec/wp-content/uploads/2026/04/R62_0358-298x300.jpg 298w, https://www.ces.gob.ec/wp-content/uploads/2026/04/R62_0358-150x150.jpg 150w, https://www.ces.gob.ec/wp-content/uploads/2026/04/R62_0358-768x774.jpg 768w, https://www.ces.gob.ec/wp-content/uploads/2026/04/R62_0358.jpg 1071w" sizes="auto, (max-width: 1015px) 100vw, 1015px" /></figure>
</figure>
</div>
</div>



<h3 class="wp-block-heading">Formación Académica </h3>



<ul class="wp-block-list">
<li>Doctora en Desigualdades e&nbsp;Intervención&nbsp;Social.&nbsp;Multiculturalismo, Interculturalidad y&nbsp;Diversidad,&nbsp;Universidad&nbsp;Pablode Olavide,&nbsp;Sevilla, España.</li>



<li>Magíster en&nbsp;Estudios Latinoamericanos, Mención en Estudios de la Cultura, Universidad Andina Simón Bolívar, Sede Ecuador. </li>



<li>Licenciada en Ciencias de la Educación, Especialidad Psicopedagogía,&nbsp;Universidad&nbsp;Politécnica Salesiana, Quito, Ecuador.&nbsp;</li>
</ul>



<h3 class="wp-block-heading">Trayectoria Académica</h3>



<ul class="wp-block-list">
<li>Profesora en la Facultad de&nbsp;Ciencias Humanas y Sociales,&nbsp;Universidad&nbsp;Politécnica Salesiana, Quito (1996– 1999).</li>



<li>Profesora&nbsp;Invitada en universidades internacionales: Conselho&nbsp;Indigenista Misionero (CIMI) en Manaus, Sao Luis, Boa Vista, Sao&nbsp;Paulo; Escuela de Antropología Aplicada, Misión&nbsp;Salesiana de Argentina, Trelew y Junín de&nbsp;los Andes; Universidad&nbsp;Nacional de&nbsp;Educación a Distancia del Departamento de Estudios Interculturales, Programa&nbsp;Intercampus en&nbsp;Madrid. </li>



<li>Profesora en la&nbsp;Escuela de&nbsp;Educación&nbsp;Intercultural,&nbsp;Programa&nbsp;Académico de&nbsp;Cotopaxi– PAC. Facultad de Ciencias Humanas y de&nbsp;la Educación, Universidad Politécnica Salesiana,&nbsp;Quito.</li>



<li>Profesora en Programas de&nbsp;Maestría de:&nbsp;Educación e&nbsp;Interculturalidad en la&nbsp;Unidad&nbsp;Académica de&nbsp;Postgrados de la&nbsp;Universidad&nbsp;Politécnica&nbsp;Salesiana y en Maestría en&nbsp;Desarrollo&nbsp;Humano y en Desarrollo Local Comunitario en la Pontificia Universidad Católica del Ecuador.</li>



<li>Perita evaluadora de Programas de Postgrado en Educación, Consejo de Educación Superior del Ecuador, CES, Quito (2012-2016).</li>



<li>Editora, Asesora pedagógica en la Editorial Santillana, Quito.</li>



<li>Profesora en la Facultad de&nbsp;Ciencias de&nbsp;la&nbsp;Educación en la Pontificia&nbsp;Universidad Católica del Ecuador, Quito. </li>



<li>Profesora en el Área de&nbsp;Educación de la Universidad Andina&nbsp;Simón&nbsp;Bolívar,&nbsp;Ecuador.</li>



<li>Coordinadora Académica del Programa Especialidad Superior Inclusión Educativa.&nbsp;</li>
</ul>

<p>Lcda. Catalina Vélez Verdugo, Ph.D Consejera Académica del Consejo de Educación Superior Tel: (02) 3947 820&nbsp;&nbsp; Correo: catalina.velez@ces.gob.ec Formación Académica Trayectoria Académica</p>
