{"id":6632,"date":"2025-11-12T14:05:06","date_gmt":"2025-11-12T19:05:06","guid":{"rendered":"https:\/\/www.ces.gob.ec\/?post_type=te_announcements&#038;p=6632"},"modified":"2025-11-12T14:15:07","modified_gmt":"2025-11-12T19:15:07","slug":"presidencia-del-ces-impulsa-la-formacion-dual-en-ecuador-durante-conversatorio-con-empresas-y-graduados-12-11-2025","status":"publish","type":"te_announcements","link":"https:\/\/www.ces.gob.ec\/?te_announcements=presidencia-del-ces-impulsa-la-formacion-dual-en-ecuador-durante-conversatorio-con-empresas-y-graduados-12-11-2025","title":{"rendered":"PRESIDENCIA DEL CES IMPULSA LA FORMACI\u00d3N DUAL EN ECUADOR DURANTE CONVERSATORIO CON EMPRESAS Y GRADUADOS (12\/11\/2025)"},"content":{"rendered":"<p style=\"text-align: right;\"><strong>Quito, 12 de noviembre de 2025<\/strong><\/p>\n<p style=\"text-align: center;\"><strong><span style=\"color: #993300;\">PRESIDENCIA DEL CES IMPULSA LA FORMACI\u00d3N DUAL EN ECUADOR DURANTE CONVERSATORIO CON EMPRESAS Y GRADUADOS<\/span> <\/strong><\/p>\n<p><img loading=\"lazy\" decoding=\"async\" class=\"size-medium wp-image-6633 alignleft\" src=\"https:\/\/www.ces.gob.ec\/wp-content\/uploads\/2025\/11\/WhatsApp-Image-2025-11-12-at-2.07.29-PM-300x200.jpeg\" alt=\"\" width=\"300\" height=\"200\" srcset=\"https:\/\/www.ces.gob.ec\/wp-content\/uploads\/2025\/11\/WhatsApp-Image-2025-11-12-at-2.07.29-PM-300x200.jpeg 300w, https:\/\/www.ces.gob.ec\/wp-content\/uploads\/2025\/11\/WhatsApp-Image-2025-11-12-at-2.07.29-PM-1024x683.jpeg 1024w, https:\/\/www.ces.gob.ec\/wp-content\/uploads\/2025\/11\/WhatsApp-Image-2025-11-12-at-2.07.29-PM-768x512.jpeg 768w, https:\/\/www.ces.gob.ec\/wp-content\/uploads\/2025\/11\/WhatsApp-Image-2025-11-12-at-2.07.29-PM-1536x1024.jpeg 1536w, https:\/\/www.ces.gob.ec\/wp-content\/uploads\/2025\/11\/WhatsApp-Image-2025-11-12-at-2.07.29-PM.jpeg 1599w\" sizes=\"auto, (max-width: 300px) 100vw, 300px\" \/>El presidente del Consejo de Educaci\u00f3n Superior (CES), Pablo Beltr\u00e1n, moder\u00f3 el conversatorio \u201cEcosistema de Formaci\u00f3n Dual: roles clave y resultados\u201d, realizado durante el evento de reconocimiento a empresas y graduados de los sectores de la madera y alimentos desarrollado en Quito.<\/p>\n<p>La jornada fue organizada por la Corporaci\u00f3n Formados Ecuador, en colaboraci\u00f3n con la Asociaci\u00f3n de la Industria Forestal y de la Madera, la C\u00e1mara de Industrias y Comercio Ecuatoriano &#8211; Alemana y la Asociaci\u00f3n Nacional de Fabricantes de Alimentos y Bebidas.<\/p>\n<p>El encuentro reuni\u00f3 a autoridades, empresarios, acad\u00e9micos y estudiantes para reflexionar sobre los avances y desaf\u00edos de la formaci\u00f3n dual, un modelo educativo que combina la ense\u00f1anza te\u00f3rica con la pr\u00e1ctica en entornos laborales, fortaleciendo la empleabilidad juvenil y la pertinencia de la educaci\u00f3n superior con el sector productivo.<\/p>\n<blockquote><p>\u201cLa educaci\u00f3n dual no es nueva en el pa\u00eds, sin embargo, no termina de despuntar como se requiere. Este modelo ha sido exitoso en pa\u00edses l\u00edderes en innovaci\u00f3n y crecimiento econ\u00f3mico. Impulsarlo en Ecuador significa apostar por la empleabilidad y la sostenibilidad del pa\u00eds\u201d, afirm\u00f3 Beltr\u00e1n.<\/p><\/blockquote>\n<p>En Ecuador existen 9.102 carreras, pero solo 158 corresponden a oferta dual, lo que evidencia la necesidad de expandir esta modalidad como una herramienta para mejorar la calidad y la relevancia de la formaci\u00f3n t\u00e9cnica y tecnol\u00f3gica.<\/p>\n<p>El conversatorio cont\u00f3 con la participaci\u00f3n de Andr\u00e9s Robalino, viceministro de Producci\u00f3n e Industrias; Christian Riofr\u00edo, presidente de Corporaci\u00f3n Formados; Valentina Ramos, vicerrectora de Docencia de la Escuela Polit\u00e9cnica Nacional (EPN); y \u00d3scar Aizaga, representante de Gloria Foods.<\/p>\n<p>Durante el evento, la C\u00e1mara de Industrias y Comercio Ecuatoriano &#8211; Alemana entreg\u00f3 certificaciones alemanas a los graduados de la primera promoci\u00f3n de las carreras de Tecnolog\u00eda Superior en Procesamiento de Alimentos y Tecnolog\u00eda Superior en Procesamiento Industrial de la Madera de la Escuela Polit\u00e9cnica Nacional, oferta pionera de educaci\u00f3n superior dual en la Sierra ecuatoriana.<\/p>\n<blockquote><p>\u201cHemos alcanzado los cambios normativos necesarios gracias al apoyo de autoridades que creen en la Formaci\u00f3n Dual y apuestan por su impulso. Agradecemos al CES por su respaldo\u201d, se\u00f1al\u00f3 Christian Riofr\u00edo, durante su intervenci\u00f3n.<\/p><\/blockquote>\n<p>El encuentro permiti\u00f3 compartir experiencias y resultados sobre la implementaci\u00f3n de este modelo educativo, destacando la cooperaci\u00f3n entre instituciones de educaci\u00f3n superior y el sector productivo para formar talento humano altamente calificado y competitivo.<\/p>\n<p><img loading=\"lazy\" decoding=\"async\" class=\"size-medium wp-image-6634 aligncenter\" src=\"https:\/\/www.ces.gob.ec\/wp-content\/uploads\/2025\/11\/WhatsApp-Image-2025-11-12-at-2.13.34-PM-300x250.jpeg\" alt=\"\" width=\"300\" height=\"250\" srcset=\"https:\/\/www.ces.gob.ec\/wp-content\/uploads\/2025\/11\/WhatsApp-Image-2025-11-12-at-2.13.34-PM-300x250.jpeg 300w, https:\/\/www.ces.gob.ec\/wp-content\/uploads\/2025\/11\/WhatsApp-Image-2025-11-12-at-2.13.34-PM-1024x854.jpeg 1024w, https:\/\/www.ces.gob.ec\/wp-content\/uploads\/2025\/11\/WhatsApp-Image-2025-11-12-at-2.13.34-PM-768x641.jpeg 768w, https:\/\/www.ces.gob.ec\/wp-content\/uploads\/2025\/11\/WhatsApp-Image-2025-11-12-at-2.13.34-PM.jpeg 1280w\" sizes=\"auto, (max-width: 300px) 100vw, 300px\" \/><\/p>\n<div><strong>Direcci\u00f3n\u00a0de Comunicaci\u00f3n<\/strong><\/div>\n<p>CONSEJO DE EDUCACI\u00d3N SUPERIOR<br \/>\n<a href=\"https:\/\/www.ces.gob.ec\/\">www.ces.gob.ec<\/a><br \/>\nTwitter: @ces_ec<br \/>\n<a href=\"https:\/\/www.facebook.com\/consejodeeducacionsuperior\/\">Facebook: @consejodeeducacionsuperior<\/a><br \/>\nFlickr: Consejo de Educaci\u00f3n Superior &#8211; Ecuador<\/p>\n","protected":false},"parent":0,"template":"","class_list":["post-6632","te_announcements","type-te_announcements","status-publish","hentry"],"announcement_date":"Announcement Date: 2025-11-12","announcement_image":false,"_links":{"self":[{"href":"https:\/\/www.ces.gob.ec\/index.php?rest_route=\/wp\/v2\/announcement\/6632","targetHints":{"allow":["GET"]}}],"collection":[{"href":"https:\/\/www.ces.gob.ec\/index.php?rest_route=\/wp\/v2\/announcement"}],"about":[{"href":"https:\/\/www.ces.gob.ec\/index.php?rest_route=\/wp\/v2\/types\/te_announcements"}],"wp:attachment":[{"href":"https:\/\/www.ces.gob.ec\/index.php?rest_route=%2Fwp%2Fv2%2Fmedia&parent=6632"}],"curies":[{"name":"wp","href":"https:\/\/api.w.org\/{rel}","templated":true}]}}

PRESIDENCIA DEL CES IMPULSA LA FORMACIÓN DUAL EN ECUADOR DURANTE CONVERSATORIO CON EMPRESAS Y GRADUADOS (12/11/2025)

<p style="text-align: right;"><strong>Quito, 12 de noviembre de 2025</strong></p>
<p style="text-align: center;"><strong><span style="color: #993300;">PRESIDENCIA DEL CES IMPULSA LA FORMACIÓN DUAL EN ECUADOR DURANTE CONVERSATORIO CON EMPRESAS Y GRADUADOS</span> </strong></p>
<p><img loading="lazy" decoding="async" class="size-medium wp-image-6633 alignleft" src="https://www.ces.gob.ec/wp-content/uploads/2025/11/WhatsApp-Image-2025-11-12-at-2.07.29-PM-300x200.jpeg" alt="" width="300" height="200" srcset="https://www.ces.gob.ec/wp-content/uploads/2025/11/WhatsApp-Image-2025-11-12-at-2.07.29-PM-300x200.jpeg 300w, https://www.ces.gob.ec/wp-content/uploads/2025/11/WhatsApp-Image-2025-11-12-at-2.07.29-PM-1024x683.jpeg 1024w, https://www.ces.gob.ec/wp-content/uploads/2025/11/WhatsApp-Image-2025-11-12-at-2.07.29-PM-768x512.jpeg 768w, https://www.ces.gob.ec/wp-content/uploads/2025/11/WhatsApp-Image-2025-11-12-at-2.07.29-PM-1536x1024.jpeg 1536w, https://www.ces.gob.ec/wp-content/uploads/2025/11/WhatsApp-Image-2025-11-12-at-2.07.29-PM.jpeg 1599w" sizes="auto, (max-width: 300px) 100vw, 300px" />El presidente del Consejo de Educación Superior (CES), Pablo Beltrán, moderó el conversatorio “Ecosistema de Formación Dual: roles clave y resultados”, realizado durante el evento de reconocimiento a empresas y graduados de los sectores de la madera y alimentos desarrollado en Quito.</p>
<p>La jornada fue organizada por la Corporación Formados Ecuador, en colaboración con la Asociación de la Industria Forestal y de la Madera, la Cámara de Industrias y Comercio Ecuatoriano &#8211; Alemana y la Asociación Nacional de Fabricantes de Alimentos y Bebidas.</p>
<p>El encuentro reunió a autoridades, empresarios, académicos y estudiantes para reflexionar sobre los avances y desafíos de la formación dual, un modelo educativo que combina la enseñanza teórica con la práctica en entornos laborales, fortaleciendo la empleabilidad juvenil y la pertinencia de la educación superior con el sector productivo.</p>
<blockquote><p>“La educación dual no es nueva en el país, sin embargo, no termina de despuntar como se requiere. Este modelo ha sido exitoso en países líderes en innovación y crecimiento económico. Impulsarlo en Ecuador significa apostar por la empleabilidad y la sostenibilidad del país”, afirmó Beltrán.</p></blockquote>
<p>En Ecuador existen 9.102 carreras, pero solo 158 corresponden a oferta dual, lo que evidencia la necesidad de expandir esta modalidad como una herramienta para mejorar la calidad y la relevancia de la formación técnica y tecnológica.</p>
<p>El conversatorio contó con la participación de Andrés Robalino, viceministro de Producción e Industrias; Christian Riofrío, presidente de Corporación Formados; Valentina Ramos, vicerrectora de Docencia de la Escuela Politécnica Nacional (EPN); y Óscar Aizaga, representante de Gloria Foods.</p>
<p>Durante el evento, la Cámara de Industrias y Comercio Ecuatoriano &#8211; Alemana entregó certificaciones alemanas a los graduados de la primera promoción de las carreras de Tecnología Superior en Procesamiento de Alimentos y Tecnología Superior en Procesamiento Industrial de la Madera de la Escuela Politécnica Nacional, oferta pionera de educación superior dual en la Sierra ecuatoriana.</p>
<blockquote><p>“Hemos alcanzado los cambios normativos necesarios gracias al apoyo de autoridades que creen en la Formación Dual y apuestan por su impulso. Agradecemos al CES por su respaldo”, señaló Christian Riofrío, durante su intervención.</p></blockquote>
<p>El encuentro permitió compartir experiencias y resultados sobre la implementación de este modelo educativo, destacando la cooperación entre instituciones de educación superior y el sector productivo para formar talento humano altamente calificado y competitivo.</p>
<p><img loading="lazy" decoding="async" class="size-medium wp-image-6634 aligncenter" src="https://www.ces.gob.ec/wp-content/uploads/2025/11/WhatsApp-Image-2025-11-12-at-2.13.34-PM-300x250.jpeg" alt="" width="300" height="250" srcset="https://www.ces.gob.ec/wp-content/uploads/2025/11/WhatsApp-Image-2025-11-12-at-2.13.34-PM-300x250.jpeg 300w, https://www.ces.gob.ec/wp-content/uploads/2025/11/WhatsApp-Image-2025-11-12-at-2.13.34-PM-1024x854.jpeg 1024w, https://www.ces.gob.ec/wp-content/uploads/2025/11/WhatsApp-Image-2025-11-12-at-2.13.34-PM-768x641.jpeg 768w, https://www.ces.gob.ec/wp-content/uploads/2025/11/WhatsApp-Image-2025-11-12-at-2.13.34-PM.jpeg 1280w" sizes="auto, (max-width: 300px) 100vw, 300px" /></p>
<div><strong>Dirección de Comunicación</strong></div>
<p>CONSEJO DE EDUCACIÓN SUPERIOR<br />
<a href="https://www.ces.gob.ec/">www.ces.gob.ec</a><br />
Twitter: @ces_ec<br />
<a href="https://www.facebook.com/consejodeeducacionsuperior/">Facebook: @consejodeeducacionsuperior</a><br />
Flickr: Consejo de Educación Superior &#8211; Ecuador</p>
