{"id":6620,"date":"2025-11-05T17:47:34","date_gmt":"2025-11-05T22:47:34","guid":{"rendered":"https:\/\/www.ces.gob.ec\/?post_type=te_announcements&#038;p=6620"},"modified":"2025-11-07T14:28:00","modified_gmt":"2025-11-07T19:28:00","slug":"presidente-del-ces-desarrollo-importante-agenda-de-trabajo-en-alemania-y-peru-05-11-2025","status":"publish","type":"te_announcements","link":"https:\/\/www.ces.gob.ec\/?te_announcements=presidente-del-ces-desarrollo-importante-agenda-de-trabajo-en-alemania-y-peru-05-11-2025","title":{"rendered":"PRESIDENTE DEL CES DESARROLL\u00d3 IMPORTANTE AGENDA DE TRABAJO EN ALEMANIA Y PER\u00da (05\/11\/2025)"},"content":{"rendered":"<div>\n<p style=\"text-align: right;\"><strong>Quito, 05 de noviembre de 2025<\/strong><\/p>\n<p style=\"text-align: center;\"><span style=\"color: #993300;\"><strong>PRESIDENTE DEL CES DESARROLL\u00d3 IMPORTANTE AGENDA DE TRABAJO EN ALEMANIA Y PER\u00da<\/strong><\/span><\/p>\n<p><strong><img loading=\"lazy\" decoding=\"async\" class=\"size-medium wp-image-6621 alignleft\" src=\"https:\/\/www.ces.gob.ec\/wp-content\/uploads\/2025\/11\/WhatsApp-Image-2025-11-05-at-5.59.06-PM-300x169.jpeg\" alt=\"\" width=\"300\" height=\"169\" srcset=\"https:\/\/www.ces.gob.ec\/wp-content\/uploads\/2025\/11\/WhatsApp-Image-2025-11-05-at-5.59.06-PM-300x169.jpeg 300w, https:\/\/www.ces.gob.ec\/wp-content\/uploads\/2025\/11\/WhatsApp-Image-2025-11-05-at-5.59.06-PM-1024x576.jpeg 1024w, https:\/\/www.ces.gob.ec\/wp-content\/uploads\/2025\/11\/WhatsApp-Image-2025-11-05-at-5.59.06-PM-768x432.jpeg 768w, https:\/\/www.ces.gob.ec\/wp-content\/uploads\/2025\/11\/WhatsApp-Image-2025-11-05-at-5.59.06-PM-1536x864.jpeg 1536w, https:\/\/www.ces.gob.ec\/wp-content\/uploads\/2025\/11\/WhatsApp-Image-2025-11-05-at-5.59.06-PM.jpeg 1600w\" sizes=\"auto, (max-width: 300px) 100vw, 300px\" \/>Berl\u00edn, Alemania:<\/strong><br \/>\nPablo Beltr\u00e1n, presidente del Consejo de Educaci\u00f3n Superior <strong>(CES)<\/strong>, represent\u00f3 a Ecuador en el Foro Global sobre Educaci\u00f3n y Formaci\u00f3n T\u00e9cnica Profesional, organizado por el <strong>Centro Internacional UNESCO-UNEVOC para la Educaci\u00f3n y Formaci\u00f3n T\u00e9cnica y Profesional en Berl\u00edn<\/strong>, del 28 al 30 de octubre, con la colaboraci\u00f3n de varias instituciones internacionales relacionadas a la tem\u00e1tica del evento.<\/p>\n<p style=\"text-align: justify;\"><strong>Beltr\u00e1n, particip\u00f3 en varias actividades, entre las que destacan:<\/strong><\/p>\n<ul>\n<li style=\"text-align: justify;\"><strong>Panel: Presentaci\u00f3n de proyectos piloto en el marco de la iniciativa \u201cHacia una agenda mundial de la EFTP<\/strong> (<strong>E<\/strong>ducaci\u00f3n y <strong>F<\/strong>ormaci\u00f3n <strong>T<\/strong>\u00e9cnica y <strong>P<\/strong>rofesional)\u201d, comparti\u00f3 la experiencia ecuatoriana en educaci\u00f3n superior t\u00e9cnica y tecnol\u00f3gica, destacando los avances hacia una formaci\u00f3n pertinente, inclusiva y de excelencia.<\/li>\n<li style=\"text-align: justify;\"><strong>Reuni\u00f3n con representantes de Centros UNEVOC,<\/strong> en la que reafirm\u00f3 el compromiso del CES con la cooperaci\u00f3n internacional y con el impulso de pol\u00edticas que fortalezcan la educaci\u00f3n t\u00e9cnica y tecnol\u00f3gica.<\/li>\n<li style=\"text-align: justify;\"><strong>Visita al Centro de Competencias de Berl\u00edn<\/strong>, para conocer c\u00f3mo la integraci\u00f3n entre formaci\u00f3n, tecnolog\u00eda e industria impulsa la calidad del aprendizaje y prepara a los j\u00f3venes para los desaf\u00edos del mundo laboral del futuro.<\/li>\n<\/ul>\n<blockquote>\n<p style=\"text-align: justify;\">\u201cDesde el Consejo de Educaci\u00f3n Superior, <strong>primer Centro Estatal UNEVOC de Ecuador,<\/strong> consideramos estos espacios de di\u00e1logo y aprendizaje fundamentales para seguir impulsando una formaci\u00f3n t\u00e9cnica y tecnol\u00f3gica m\u00e1s innovadora, inclusiva y conectada con las demandas del mundo laboral\u201d, manifest\u00f3 Beltr\u00e1n.<\/p>\n<\/blockquote>\n<p style=\"text-align: justify;\"><strong>Lima, Per\u00fa:<\/strong><br \/>\nAs\u00ed mismo, Pablo Beltr\u00e1n particip\u00f3 el 4 de noviembre en el <strong>Encuentro de Consejos Nacionales de Educaci\u00f3n, organizado por el Consejo Nacional de Educaci\u00f3n de Per\u00fa, presidido por Luis Lescano,<\/strong> con el objetivo de propiciar un espacio de di\u00e1logo internacional, que resalte agendas comunes, facilite an\u00e1lisis e intercambio de informaci\u00f3n.<\/p>\n<p style=\"text-align: justify;\">En su intervenci\u00f3n, <strong>destac\u00f3 la experiencia del CES en el desarrollo de competencias transversales y en la articulaci\u00f3n de la educaci\u00f3n con el sector productivo,<\/strong> a trav\u00e9s de iniciativas como la formaci\u00f3n dual, las microcredenciales y el Cl\u00faster Acad\u00e9mico Productivo.<\/p>\n<p style=\"text-align: justify;\">\u201cParticip\u00e9 en esta valiosa <strong>oportunidad para compartir la experiencia del CES de Ecuador en el desarrollo de competencias transversales,<\/strong> un eje clave para formar ciudadanos cr\u00edticos, innovadores y comprometidos con el desarrollo sostenible\u201d, finaliz\u00f3 Beltr\u00e1n.<\/p>\n<p><img loading=\"lazy\" decoding=\"async\" class=\"alignnone size-medium wp-image-6623\" src=\"https:\/\/www.ces.gob.ec\/wp-content\/uploads\/2025\/11\/WhatsApp-Image-2025-11-05-at-5.59.06-PM1-300x147.jpeg\" alt=\"\" width=\"300\" height=\"147\" srcset=\"https:\/\/www.ces.gob.ec\/wp-content\/uploads\/2025\/11\/WhatsApp-Image-2025-11-05-at-5.59.06-PM1-300x147.jpeg 300w, https:\/\/www.ces.gob.ec\/wp-content\/uploads\/2025\/11\/WhatsApp-Image-2025-11-05-at-5.59.06-PM1-1024x501.jpeg 1024w, https:\/\/www.ces.gob.ec\/wp-content\/uploads\/2025\/11\/WhatsApp-Image-2025-11-05-at-5.59.06-PM1-768x376.jpeg 768w, https:\/\/www.ces.gob.ec\/wp-content\/uploads\/2025\/11\/WhatsApp-Image-2025-11-05-at-5.59.06-PM1-1536x752.jpeg 1536w, https:\/\/www.ces.gob.ec\/wp-content\/uploads\/2025\/11\/WhatsApp-Image-2025-11-05-at-5.59.06-PM1.jpeg 1600w\" sizes=\"auto, (max-width: 300px) 100vw, 300px\" \/><\/p>\n<\/div>\n<div><strong>Direcci\u00f3n\u00a0de Comunicaci\u00f3n<\/strong><\/div>\n<p>CONSEJO DE EDUCACI\u00d3N SUPERIOR<br \/>\n<a href=\"https:\/\/www.ces.gob.ec\/\">www.ces.gob.ec<\/a><br \/>\nTwitter: @ces_ec<br \/>\n<a href=\"https:\/\/www.facebook.com\/consejodeeducacionsuperior\/\">Facebook: @consejodeeducacionsuperior<\/a><br \/>\nFlickr: Consejo de Educaci\u00f3n Superior &#8211; Ecuador<\/p>\n","protected":false},"parent":0,"template":"","class_list":["post-6620","te_announcements","type-te_announcements","status-publish","hentry"],"announcement_date":"Announcement Date: 2025-11-05","announcement_image":false,"_links":{"self":[{"href":"https:\/\/www.ces.gob.ec\/index.php?rest_route=\/wp\/v2\/announcement\/6620","targetHints":{"allow":["GET"]}}],"collection":[{"href":"https:\/\/www.ces.gob.ec\/index.php?rest_route=\/wp\/v2\/announcement"}],"about":[{"href":"https:\/\/www.ces.gob.ec\/index.php?rest_route=\/wp\/v2\/types\/te_announcements"}],"wp:attachment":[{"href":"https:\/\/www.ces.gob.ec\/index.php?rest_route=%2Fwp%2Fv2%2Fmedia&parent=6620"}],"curies":[{"name":"wp","href":"https:\/\/api.w.org\/{rel}","templated":true}]}}

PRESIDENTE DEL CES DESARROLLÓ IMPORTANTE AGENDA DE TRABAJO EN ALEMANIA Y PERÚ (05/11/2025)

<div>
<p style="text-align: right;"><strong>Quito, 05 de noviembre de 2025</strong></p>
<p style="text-align: center;"><span style="color: #993300;"><strong>PRESIDENTE DEL CES DESARROLLÓ IMPORTANTE AGENDA DE TRABAJO EN ALEMANIA Y PERÚ</strong></span></p>
<p><strong><img loading="lazy" decoding="async" class="size-medium wp-image-6621 alignleft" src="https://www.ces.gob.ec/wp-content/uploads/2025/11/WhatsApp-Image-2025-11-05-at-5.59.06-PM-300x169.jpeg" alt="" width="300" height="169" srcset="https://www.ces.gob.ec/wp-content/uploads/2025/11/WhatsApp-Image-2025-11-05-at-5.59.06-PM-300x169.jpeg 300w, https://www.ces.gob.ec/wp-content/uploads/2025/11/WhatsApp-Image-2025-11-05-at-5.59.06-PM-1024x576.jpeg 1024w, https://www.ces.gob.ec/wp-content/uploads/2025/11/WhatsApp-Image-2025-11-05-at-5.59.06-PM-768x432.jpeg 768w, https://www.ces.gob.ec/wp-content/uploads/2025/11/WhatsApp-Image-2025-11-05-at-5.59.06-PM-1536x864.jpeg 1536w, https://www.ces.gob.ec/wp-content/uploads/2025/11/WhatsApp-Image-2025-11-05-at-5.59.06-PM.jpeg 1600w" sizes="auto, (max-width: 300px) 100vw, 300px" />Berlín, Alemania:</strong><br />
Pablo Beltrán, presidente del Consejo de Educación Superior <strong>(CES)</strong>, representó a Ecuador en el Foro Global sobre Educación y Formación Técnica Profesional, organizado por el <strong>Centro Internacional UNESCO-UNEVOC para la Educación y Formación Técnica y Profesional en Berlín</strong>, del 28 al 30 de octubre, con la colaboración de varias instituciones internacionales relacionadas a la temática del evento.</p>
<p style="text-align: justify;"><strong>Beltrán, participó en varias actividades, entre las que destacan:</strong></p>
<ul>
<li style="text-align: justify;"><strong>Panel: Presentación de proyectos piloto en el marco de la iniciativa “Hacia una agenda mundial de la EFTP</strong> (<strong>E</strong>ducación y <strong>F</strong>ormación <strong>T</strong>écnica y <strong>P</strong>rofesional)”, compartió la experiencia ecuatoriana en educación superior técnica y tecnológica, destacando los avances hacia una formación pertinente, inclusiva y de excelencia.</li>
<li style="text-align: justify;"><strong>Reunión con representantes de Centros UNEVOC,</strong> en la que reafirmó el compromiso del CES con la cooperación internacional y con el impulso de políticas que fortalezcan la educación técnica y tecnológica.</li>
<li style="text-align: justify;"><strong>Visita al Centro de Competencias de Berlín</strong>, para conocer cómo la integración entre formación, tecnología e industria impulsa la calidad del aprendizaje y prepara a los jóvenes para los desafíos del mundo laboral del futuro.</li>
</ul>
<blockquote>
<p style="text-align: justify;">“Desde el Consejo de Educación Superior, <strong>primer Centro Estatal UNEVOC de Ecuador,</strong> consideramos estos espacios de diálogo y aprendizaje fundamentales para seguir impulsando una formación técnica y tecnológica más innovadora, inclusiva y conectada con las demandas del mundo laboral”, manifestó Beltrán.</p>
</blockquote>
<p style="text-align: justify;"><strong>Lima, Perú:</strong><br />
Así mismo, Pablo Beltrán participó el 4 de noviembre en el <strong>Encuentro de Consejos Nacionales de Educación, organizado por el Consejo Nacional de Educación de Perú, presidido por Luis Lescano,</strong> con el objetivo de propiciar un espacio de diálogo internacional, que resalte agendas comunes, facilite análisis e intercambio de información.</p>
<p style="text-align: justify;">En su intervención, <strong>destacó la experiencia del CES en el desarrollo de competencias transversales y en la articulación de la educación con el sector productivo,</strong> a través de iniciativas como la formación dual, las microcredenciales y el Clúster Académico Productivo.</p>
<p style="text-align: justify;">“Participé en esta valiosa <strong>oportunidad para compartir la experiencia del CES de Ecuador en el desarrollo de competencias transversales,</strong> un eje clave para formar ciudadanos críticos, innovadores y comprometidos con el desarrollo sostenible”, finalizó Beltrán.</p>
<p><img loading="lazy" decoding="async" class="alignnone size-medium wp-image-6623" src="https://www.ces.gob.ec/wp-content/uploads/2025/11/WhatsApp-Image-2025-11-05-at-5.59.06-PM1-300x147.jpeg" alt="" width="300" height="147" srcset="https://www.ces.gob.ec/wp-content/uploads/2025/11/WhatsApp-Image-2025-11-05-at-5.59.06-PM1-300x147.jpeg 300w, https://www.ces.gob.ec/wp-content/uploads/2025/11/WhatsApp-Image-2025-11-05-at-5.59.06-PM1-1024x501.jpeg 1024w, https://www.ces.gob.ec/wp-content/uploads/2025/11/WhatsApp-Image-2025-11-05-at-5.59.06-PM1-768x376.jpeg 768w, https://www.ces.gob.ec/wp-content/uploads/2025/11/WhatsApp-Image-2025-11-05-at-5.59.06-PM1-1536x752.jpeg 1536w, https://www.ces.gob.ec/wp-content/uploads/2025/11/WhatsApp-Image-2025-11-05-at-5.59.06-PM1.jpeg 1600w" sizes="auto, (max-width: 300px) 100vw, 300px" /></p>
</div>
<div><strong>Dirección de Comunicación</strong></div>
<p>CONSEJO DE EDUCACIÓN SUPERIOR<br />
<a href="https://www.ces.gob.ec/">www.ces.gob.ec</a><br />
Twitter: @ces_ec<br />
<a href="https://www.facebook.com/consejodeeducacionsuperior/">Facebook: @consejodeeducacionsuperior</a><br />
Flickr: Consejo de Educación Superior &#8211; Ecuador</p>
