{"id":6153,"date":"2024-10-02T12:00:26","date_gmt":"2024-10-02T17:00:26","guid":{"rendered":"https:\/\/www.ces.gob.ec\/?post_type=te_announcements&#038;p=6153"},"modified":"2024-10-02T12:00:33","modified_gmt":"2024-10-02T17:00:33","slug":"el-ces-aprueba-la-creacion-de-la-universidad-publica-de-santo-domingo-de-los-tsachilas-01-10-2024","status":"publish","type":"te_announcements","link":"https:\/\/www.ces.gob.ec\/?te_announcements=el-ces-aprueba-la-creacion-de-la-universidad-publica-de-santo-domingo-de-los-tsachilas-01-10-2024","title":{"rendered":"EL CES APRUEBA LA CREACI\u00d3N DE LA UNIVERSIDAD P\u00daBLICA DE SANTO DOMINGO DE LOS TS\u00c1CHILAS (01\/10\/2024)"},"content":{"rendered":"<p style=\"text-align: right;\"><strong>Santo Domingo, 01 de octubre de 2024<\/strong><strong>\u00a0<\/strong><\/p>\n<p style=\"text-align: center;\"><span style=\"color: #993300;\"><strong>EL CES APRUEBA LA CREACI\u00d3N DE LA UNIVERSIDAD P\u00daBLICA DE SANTO DOMINGO DE LOS TS\u00c1CHILAS<\/strong><\/span><\/p>\n<p style=\"text-align: justify;\"><strong>El Pleno del Consejo de Educaci\u00f3n Superior (CES) aprob\u00f3 la creaci\u00f3n de la Universidad P\u00fablica de Santo Domingo de los Ts\u00e1chilas (UPSDS)<\/strong> durante su Vig\u00e9sima Quinta Sesi\u00f3n Extraordinaria, celebrada este martes, 01 de octubre de 2024, en el Centro Operativo Local ECU911 de la ciudad de Santo Domingo. <strong>Inmediatamente despu\u00e9s de esta sesi\u00f3n se notific\u00f3 a la Asamblea Nacional del Ecuador para que se realice el tr\u00e1mite correspondiente<\/strong>.<\/p>\n<p style=\"text-align: justify;\">La reuni\u00f3n cont\u00f3 con la presencia de <strong>Pablo Beltr\u00e1n<\/strong>, presidente del CES; <strong>Carmita \u00c1lvarez, \u00c1ngela Calder\u00f3n y Fidel M\u00e1rquez<\/strong>, consejeros acad\u00e9micos; Diego P\u00e9rez, delegado del Consejo de Aseguramiento de la Calidad de la Educaci\u00f3n Superior (<strong>CACES<\/strong>); Hern\u00e1n Rojas, presidente de la Asamblea del Sistema de Educaci\u00f3n Superior Ecuatoriano (<strong>ASESEC<\/strong>); as\u00ed como <strong>representantes del Ejecutivo<\/strong>.<\/p>\n<p style=\"text-align: justify;\">Carmita \u00c1lvarez, consejera acad\u00e9mica del CES, expres\u00f3 su felicitaci\u00f3n por la creaci\u00f3n de la UPSDS, se\u00f1alando que \u00ab<strong>representa un logro significativo para el desarrollo social de la provincia de Santo Domingo de los Ts\u00e1chilas y de todo el Ecuador, especialmente para sus j\u00f3venes, su gente y sus aspiraciones de superaci\u00f3n<\/strong>\u00ab.<\/p>\n<p style=\"text-align: justify;\"><strong>La UPSDS surge como una respuesta a las necesidades educativas y productivas de la provincia de Santo Domingo de los Ts\u00e1chilas<\/strong>, con un enfoque en ofrecer una formaci\u00f3n acad\u00e9mica integral. Su propuesta se orienta hacia el fomento de la producci\u00f3n, la innovaci\u00f3n social y la gesti\u00f3n eficiente de los recursos agropecuarios y alimentarios. <strong>La creaci\u00f3n de esta instituci\u00f3n de educaci\u00f3n superior busca mejorar los est\u00e1ndares educativos de la regi\u00f3n, al mismo tiempo que promueve su desarrollo econ\u00f3mico, social y cultural.<\/strong><\/p>\n<p style=\"text-align: justify;\">\u00ab<strong>Quiero expresar mi reconocimiento al Gobierno de la Rep\u00fablica del Ecuador por hacer realidad el sue\u00f1o de los j\u00f3venes de la provincia de Santo Domingo de los Ts\u00e1chilas<\/strong>. Contar con una universidad en su territorio sin duda consolidar\u00e1 a esta instituci\u00f3n como un pilar fundamental para el desarrollo social, econ\u00f3mico y cultural de la provincia y del pa\u00eds\u00bb, manifest\u00f3 Pablo Beltr\u00e1n, presidente del CES.<\/p>\n<div><strong>Direcci\u00f3n\u00a0de Comunicaci\u00f3n<\/strong><\/div>\n<p>CONSEJO DE EDUCACI\u00d3N SUPERIOR<br \/>\n<a href=\"https:\/\/www.ces.gob.ec\/\">www.ces.gob.ec<\/a><br \/>\nTwitter: @ces_ec<br \/>\n<a href=\"https:\/\/www.facebook.com\/consejodeeducacionsuperior\/\">Facebook: @consejodeeducacionsuperior<\/a><br \/>\nFlickr: Consejo de Educaci\u00f3n Superior &#8211; Ecuador<\/p>\n","protected":false},"parent":0,"template":"","class_list":["post-6153","te_announcements","type-te_announcements","status-publish","hentry"],"announcement_date":"Announcement Date: 2024-10-02","announcement_image":false,"_links":{"self":[{"href":"https:\/\/www.ces.gob.ec\/index.php?rest_route=\/wp\/v2\/announcement\/6153","targetHints":{"allow":["GET"]}}],"collection":[{"href":"https:\/\/www.ces.gob.ec\/index.php?rest_route=\/wp\/v2\/announcement"}],"about":[{"href":"https:\/\/www.ces.gob.ec\/index.php?rest_route=\/wp\/v2\/types\/te_announcements"}],"wp:attachment":[{"href":"https:\/\/www.ces.gob.ec\/index.php?rest_route=%2Fwp%2Fv2%2Fmedia&parent=6153"}],"curies":[{"name":"wp","href":"https:\/\/api.w.org\/{rel}","templated":true}]}}

EL CES APRUEBA LA CREACIÓN DE LA UNIVERSIDAD PÚBLICA DE SANTO DOMINGO DE LOS TSÁCHILAS (01/10/2024)

<p style="text-align: right;"><strong>Santo Domingo, 01 de octubre de 2024</strong><strong> </strong></p>
<p style="text-align: center;"><span style="color: #993300;"><strong>EL CES APRUEBA LA CREACIÓN DE LA UNIVERSIDAD PÚBLICA DE SANTO DOMINGO DE LOS TSÁCHILAS</strong></span></p>
<p style="text-align: justify;"><strong>El Pleno del Consejo de Educación Superior (CES) aprobó la creación de la Universidad Pública de Santo Domingo de los Tsáchilas (UPSDS)</strong> durante su Vigésima Quinta Sesión Extraordinaria, celebrada este martes, 01 de octubre de 2024, en el Centro Operativo Local ECU911 de la ciudad de Santo Domingo. <strong>Inmediatamente después de esta sesión se notificó a la Asamblea Nacional del Ecuador para que se realice el trámite correspondiente</strong>.</p>
<p style="text-align: justify;">La reunión contó con la presencia de <strong>Pablo Beltrán</strong>, presidente del CES; <strong>Carmita Álvarez, Ángela Calderón y Fidel Márquez</strong>, consejeros académicos; Diego Pérez, delegado del Consejo de Aseguramiento de la Calidad de la Educación Superior (<strong>CACES</strong>); Hernán Rojas, presidente de la Asamblea del Sistema de Educación Superior Ecuatoriano (<strong>ASESEC</strong>); así como <strong>representantes del Ejecutivo</strong>.</p>
<p style="text-align: justify;">Carmita Álvarez, consejera académica del CES, expresó su felicitación por la creación de la UPSDS, señalando que «<strong>representa un logro significativo para el desarrollo social de la provincia de Santo Domingo de los Tsáchilas y de todo el Ecuador, especialmente para sus jóvenes, su gente y sus aspiraciones de superación</strong>«.</p>
<p style="text-align: justify;"><strong>La UPSDS surge como una respuesta a las necesidades educativas y productivas de la provincia de Santo Domingo de los Tsáchilas</strong>, con un enfoque en ofrecer una formación académica integral. Su propuesta se orienta hacia el fomento de la producción, la innovación social y la gestión eficiente de los recursos agropecuarios y alimentarios. <strong>La creación de esta institución de educación superior busca mejorar los estándares educativos de la región, al mismo tiempo que promueve su desarrollo económico, social y cultural.</strong></p>
<p style="text-align: justify;">«<strong>Quiero expresar mi reconocimiento al Gobierno de la República del Ecuador por hacer realidad el sueño de los jóvenes de la provincia de Santo Domingo de los Tsáchilas</strong>. Contar con una universidad en su territorio sin duda consolidará a esta institución como un pilar fundamental para el desarrollo social, económico y cultural de la provincia y del país», manifestó Pablo Beltrán, presidente del CES.</p>
<div><strong>Dirección de Comunicación</strong></div>
<p>CONSEJO DE EDUCACIÓN SUPERIOR<br />
<a href="https://www.ces.gob.ec/">www.ces.gob.ec</a><br />
Twitter: @ces_ec<br />
<a href="https://www.facebook.com/consejodeeducacionsuperior/">Facebook: @consejodeeducacionsuperior</a><br />
Flickr: Consejo de Educación Superior &#8211; Ecuador</p>
