{"id":5327,"date":"2023-04-03T11:07:23","date_gmt":"2023-04-03T16:07:23","guid":{"rendered":"https:\/\/www.ces.gob.ec\/?post_type=te_announcements&#038;p=5327"},"modified":"2023-04-03T11:08:22","modified_gmt":"2023-04-03T16:08:22","slug":"ces-y-oei-suscribieron-convenio-marco-de-colaboracion-interinstitucional-quito-03-04-2023","status":"publish","type":"te_announcements","link":"https:\/\/www.ces.gob.ec\/?te_announcements=ces-y-oei-suscribieron-convenio-marco-de-colaboracion-interinstitucional-quito-03-04-2023","title":{"rendered":"CES Y OEI Suscribieron Convenio Marco de Colaboraci\u00f3n Interinstitucional (Quito &#8211; 03\/04\/2023)"},"content":{"rendered":"<div>\n<p style=\"text-align: right;\"><strong>Quito, 03 de abril de 2023.<\/strong><\/p>\n<p style=\"text-align: center;\"><span style=\"color: #993300;\"><strong>CES Y OEI SUSCRIBIERON CONVENIO MARCO DE COLABORACI\u00d3N INTERINSTITUCIONAL<\/strong><\/span><\/p>\n<p style=\"text-align: justify;\"><img loading=\"lazy\" decoding=\"async\" class=\"size-medium wp-image-5328 alignleft\" src=\"https:\/\/www.ces.gob.ec\/wp-content\/uploads\/2023\/04\/Imagen-de-WhatsApp-2023-04-03-a-las-11.02.44-300x154.jpg\" alt=\"\" width=\"300\" height=\"154\" srcset=\"https:\/\/www.ces.gob.ec\/wp-content\/uploads\/2023\/04\/Imagen-de-WhatsApp-2023-04-03-a-las-11.02.44-300x154.jpg 300w, https:\/\/www.ces.gob.ec\/wp-content\/uploads\/2023\/04\/Imagen-de-WhatsApp-2023-04-03-a-las-11.02.44-1024x526.jpg 1024w, https:\/\/www.ces.gob.ec\/wp-content\/uploads\/2023\/04\/Imagen-de-WhatsApp-2023-04-03-a-las-11.02.44-768x395.jpg 768w, https:\/\/www.ces.gob.ec\/wp-content\/uploads\/2023\/04\/Imagen-de-WhatsApp-2023-04-03-a-las-11.02.44.jpg 1280w\" sizes=\"auto, (max-width: 300px) 100vw, 300px\" \/>En evento realizado el jueves 30 de marzo de 2023, el Consejo de Educaci\u00f3n Superior (CES) y la Organizaci\u00f3n de Estados Iberoamericanos para la Educaci\u00f3n, la Ciencia y la Cultura (OEI), suscribieron un Convenio Marco de Colaboraci\u00f3n Interinstitucional, evento en el que tambi\u00e9n se present\u00f3 el Informe diagn\u00f3stico sobre la educaci\u00f3n superior y la ciencia post COVID-19 en Iberoam\u00e9rica, perspectivas y desaf\u00edos de futuro 2022.<\/p>\n<p style=\"text-align: justify;\">\u201cCreemos que esta es una oportunidad para que todos quienes somos parte del sistema de educaci\u00f3n superior unamos esfuerzos con el objetivo de fortalecer el contexto educativo, y propender a la calidad de la educaci\u00f3n superior\u201d, expres\u00f3 Pa\u00fal Medina, consejero acad\u00e9mico del CES, quien estuvo a cargo de la inauguraci\u00f3n del evento.<\/p>\n<p style=\"text-align: justify;\">Sara Jaramillo, directora de OEI-Ecuador, mencion\u00f3 que la firma del Convenio Marco de Colaboraci\u00f3n Interinstitucional, y la presentaci\u00f3n del Informe diagn\u00f3stico \u201ces una buena noticia\u201d, puesto que nuestro prop\u00f3sito es apoyar a los pa\u00edses iberoamericanos para que exista una verdadera movilidad acad\u00e9mica en la regi\u00f3n.<\/p>\n<p style=\"text-align: justify;\">Para Otto Granados, ex presidente del Consejo Asesor de OEI, el Informe diagn\u00f3stico es \u201cposiblemente lo m\u00e1s completo que existe hasta ahora en educaci\u00f3n superior en la regi\u00f3n\u201d, y revela la necesidad imperativa de Iberoam\u00e9rica de fortalecer la Agenda de la educaci\u00f3n superior y la ciencia 2030; la Gobernanza de los sistemas universitarios; el Financiamiento; los Indicadores de segunda generaci\u00f3n; y, los Programas cortos y formaci\u00f3n profesional.<\/p>\n<p style=\"text-align: justify;\">El Convenio Marco de Colaboraci\u00f3n Interinstitucional, suscrito entre CES y OEI, se efect\u00faa con la finalidad de \u201cregular cuantas actividades y relaciones sean necesarias para la realizaci\u00f3n de programas y proyectos de cooperaci\u00f3n, que sean considerados de inter\u00e9s mutuo y con car\u00e1cter preferente por las instituciones firmantes, en los \u00e1mbitos de la educaci\u00f3n, la ciencia, la cultura y el desarrollo social, en los pa\u00edses miembros de la Comunidad Iberoamericana\u201d.<\/p>\n<p style=\"text-align: justify;\">\u201cTenemos la oportunidad de hacer grandes avances, que nos permitan construir esa sociedad iberoamericana, con mayor igualdad y mejores oportunidades, aplicando estrategias de desarrollo de pol\u00edticas p\u00fablicas que contribuyan al mejoramiento de las condiciones sociales de nuestros pueblo\u201d, manifest\u00f3 Pablo Beltr\u00e1n, presidente del CES.<\/p>\n<\/div>\n<div><strong>Direcci\u00f3n\u00a0de Comunicaci\u00f3n<\/strong><\/div>\n<p>CONSEJO DE EDUCACI\u00d3N SUPERIOR<br \/>\n<a href=\"https:\/\/www.ces.gob.ec\/\">www.ces.gob.ec<\/a><br \/>\nTwitter: @ces_ec<br \/>\n<a href=\"https:\/\/www.facebook.com\/consejodeeducacionsuperior\/\">Facebook: @consejodeeducacionsuperior<\/a><br \/>\nFlickr: Consejo de Educaci\u00f3n Superior &#8211; Ecuador<\/p>\n","protected":false},"parent":0,"template":"","class_list":["post-5327","te_announcements","type-te_announcements","status-publish","hentry"],"announcement_date":"Announcement Date: 2023-04-03","announcement_image":false,"_links":{"self":[{"href":"https:\/\/www.ces.gob.ec\/index.php?rest_route=\/wp\/v2\/announcement\/5327","targetHints":{"allow":["GET"]}}],"collection":[{"href":"https:\/\/www.ces.gob.ec\/index.php?rest_route=\/wp\/v2\/announcement"}],"about":[{"href":"https:\/\/www.ces.gob.ec\/index.php?rest_route=\/wp\/v2\/types\/te_announcements"}],"wp:attachment":[{"href":"https:\/\/www.ces.gob.ec\/index.php?rest_route=%2Fwp%2Fv2%2Fmedia&parent=5327"}],"curies":[{"name":"wp","href":"https:\/\/api.w.org\/{rel}","templated":true}]}}

CES Y OEI Suscribieron Convenio Marco de Colaboración Interinstitucional (Quito &#8211; 03/04/2023)

<div>
<p style="text-align: right;"><strong>Quito, 03 de abril de 2023.</strong></p>
<p style="text-align: center;"><span style="color: #993300;"><strong>CES Y OEI SUSCRIBIERON CONVENIO MARCO DE COLABORACIÓN INTERINSTITUCIONAL</strong></span></p>
<p style="text-align: justify;"><img loading="lazy" decoding="async" class="size-medium wp-image-5328 alignleft" src="https://www.ces.gob.ec/wp-content/uploads/2023/04/Imagen-de-WhatsApp-2023-04-03-a-las-11.02.44-300x154.jpg" alt="" width="300" height="154" srcset="https://www.ces.gob.ec/wp-content/uploads/2023/04/Imagen-de-WhatsApp-2023-04-03-a-las-11.02.44-300x154.jpg 300w, https://www.ces.gob.ec/wp-content/uploads/2023/04/Imagen-de-WhatsApp-2023-04-03-a-las-11.02.44-1024x526.jpg 1024w, https://www.ces.gob.ec/wp-content/uploads/2023/04/Imagen-de-WhatsApp-2023-04-03-a-las-11.02.44-768x395.jpg 768w, https://www.ces.gob.ec/wp-content/uploads/2023/04/Imagen-de-WhatsApp-2023-04-03-a-las-11.02.44.jpg 1280w" sizes="auto, (max-width: 300px) 100vw, 300px" />En evento realizado el jueves 30 de marzo de 2023, el Consejo de Educación Superior (CES) y la Organización de Estados Iberoamericanos para la Educación, la Ciencia y la Cultura (OEI), suscribieron un Convenio Marco de Colaboración Interinstitucional, evento en el que también se presentó el Informe diagnóstico sobre la educación superior y la ciencia post COVID-19 en Iberoamérica, perspectivas y desafíos de futuro 2022.</p>
<p style="text-align: justify;">“Creemos que esta es una oportunidad para que todos quienes somos parte del sistema de educación superior unamos esfuerzos con el objetivo de fortalecer el contexto educativo, y propender a la calidad de la educación superior”, expresó Paúl Medina, consejero académico del CES, quien estuvo a cargo de la inauguración del evento.</p>
<p style="text-align: justify;">Sara Jaramillo, directora de OEI-Ecuador, mencionó que la firma del Convenio Marco de Colaboración Interinstitucional, y la presentación del Informe diagnóstico “es una buena noticia”, puesto que nuestro propósito es apoyar a los países iberoamericanos para que exista una verdadera movilidad académica en la región.</p>
<p style="text-align: justify;">Para Otto Granados, ex presidente del Consejo Asesor de OEI, el Informe diagnóstico es “posiblemente lo más completo que existe hasta ahora en educación superior en la región”, y revela la necesidad imperativa de Iberoamérica de fortalecer la Agenda de la educación superior y la ciencia 2030; la Gobernanza de los sistemas universitarios; el Financiamiento; los Indicadores de segunda generación; y, los Programas cortos y formación profesional.</p>
<p style="text-align: justify;">El Convenio Marco de Colaboración Interinstitucional, suscrito entre CES y OEI, se efectúa con la finalidad de “regular cuantas actividades y relaciones sean necesarias para la realización de programas y proyectos de cooperación, que sean considerados de interés mutuo y con carácter preferente por las instituciones firmantes, en los ámbitos de la educación, la ciencia, la cultura y el desarrollo social, en los países miembros de la Comunidad Iberoamericana”.</p>
<p style="text-align: justify;">“Tenemos la oportunidad de hacer grandes avances, que nos permitan construir esa sociedad iberoamericana, con mayor igualdad y mejores oportunidades, aplicando estrategias de desarrollo de políticas públicas que contribuyan al mejoramiento de las condiciones sociales de nuestros pueblo”, manifestó Pablo Beltrán, presidente del CES.</p>
</div>
<div><strong>Dirección de Comunicación</strong></div>
<p>CONSEJO DE EDUCACIÓN SUPERIOR<br />
<a href="https://www.ces.gob.ec/">www.ces.gob.ec</a><br />
Twitter: @ces_ec<br />
<a href="https://www.facebook.com/consejodeeducacionsuperior/">Facebook: @consejodeeducacionsuperior</a><br />
Flickr: Consejo de Educación Superior &#8211; Ecuador</p>
