{"id":2988,"date":"2012-09-03T08:25:08","date_gmt":"2012-09-03T14:25:08","guid":{"rendered":"https:\/\/www.ces.gob.ec\/?post_type=te_announcements&#038;p=2988"},"modified":"2019-10-04T08:26:48","modified_gmt":"2019-10-04T14:26:48","slug":"nuevos-profesionales-de-la-unaq-03-09-2012","status":"publish","type":"te_announcements","link":"https:\/\/www.ces.gob.ec\/?te_announcements=nuevos-profesionales-de-la-unaq-03-09-2012","title":{"rendered":"NUEVOS PROFESIONALES DE LA UNAQ (03\/09\/2012)"},"content":{"rendered":"<h3>Bolet\u00edn de prensa<\/h3>\n<p style=\"text-align: center;\"><strong><span style=\"color: #993300;\">NUEVOS PROFESIONALES DE LA UNAQ<\/span><\/strong><\/p>\n<div>\n<div id=\"top\">\n<div class=\"moduletable m_breadcrumbs\">Lunes, 03 Septiembre<\/div>\n<div><\/div>\n<\/div>\n<div id=\"contentarea2\">\n<div id=\"wrapper2\">\n<div id=\"main\">\n<div class=\"item-page\">\n<p><img loading=\"lazy\" decoding=\"async\" class=\"img-frame left alignleft\" src=\"https:\/\/www.ces.gob.ec\/images\/c\/noticias\/2012\/09\/unaq.JPG\" alt=\"unaq\" width=\"203\" height=\"205\" \/>Despu\u00e9s de un trabajo minucioso entre los coordinadores acad\u00e9micos de cada una de las carreras, la representante legal Martha Aroca, los asesores acad\u00e9micos Marco Cerda y Eduardo Bueno, los delegados por el Consejo de Educaci\u00f3n Superior a la Universidad Aut\u00f3noma de Quito, se nombraron lectores de tesis y tribunales de grados, con el objetivo de que los estudiantes que presentaron sus monograf\u00edas y tesis puedan defenderlas y ser acreditados como profesionales del pa\u00eds.<\/p>\n<\/div>\n<\/div>\n<\/div>\n<\/div>\n<\/div>\n<div><strong>Direcci\u00f3n\u00a0de Comunicaci\u00f3n<\/strong><\/div>\n<p>CONSEJO DE EDUCACI\u00d3N SUPERIOR<br \/>\n<a href=\"https:\/\/www.ces.gob.ec\/\">www.ces.gob.ec<\/a><br \/>\nTwitter: @ces_ec<br \/>\n<a href=\"https:\/\/www.facebook.com\/consejodeeducacionsuperior\/\">Facebook: @consejodeeducacionsuperior<\/a><br \/>\nFlickr: Consejo de Educaci\u00f3n Superior &#8211; Ecuador<\/p>\n","protected":false},"parent":0,"template":"","class_list":["post-2988","te_announcements","type-te_announcements","status-publish","hentry"],"announcement_date":"Announcement Date: 2019-10-04","announcement_image":false,"_links":{"self":[{"href":"https:\/\/www.ces.gob.ec\/index.php?rest_route=\/wp\/v2\/announcement\/2988","targetHints":{"allow":["GET"]}}],"collection":[{"href":"https:\/\/www.ces.gob.ec\/index.php?rest_route=\/wp\/v2\/announcement"}],"about":[{"href":"https:\/\/www.ces.gob.ec\/index.php?rest_route=\/wp\/v2\/types\/te_announcements"}],"wp:attachment":[{"href":"https:\/\/www.ces.gob.ec\/index.php?rest_route=%2Fwp%2Fv2%2Fmedia&parent=2988"}],"curies":[{"name":"wp","href":"https:\/\/api.w.org\/{rel}","templated":true}]}}

<h3>Boletín de prensa</h3>
<p style="text-align: center;"><strong><span style="color: #993300;">NUEVOS PROFESIONALES DE LA UNAQ</span></strong></p>
<div>
<div id="top">
<div class="moduletable m_breadcrumbs">Lunes, 03 Septiembre</div>
<div></div>
</div>
<div id="contentarea2">
<div id="wrapper2">
<div id="main">
<div class="item-page">
<p><img loading="lazy" decoding="async" class="img-frame left alignleft" src="https://www.ces.gob.ec/images/c/noticias/2012/09/unaq.JPG" alt="unaq" width="203" height="205" />Después de un trabajo minucioso entre los coordinadores académicos de cada una de las carreras, la representante legal Martha Aroca, los asesores académicos Marco Cerda y Eduardo Bueno, los delegados por el Consejo de Educación Superior a la Universidad Autónoma de Quito, se nombraron lectores de tesis y tribunales de grados, con el objetivo de que los estudiantes que presentaron sus monografías y tesis puedan defenderlas y ser acreditados como profesionales del país.</p>
</div>
</div>
</div>
</div>
</div>
<div><strong>Dirección de Comunicación</strong></div>
<p>CONSEJO DE EDUCACIÓN SUPERIOR<br />
<a href="https://www.ces.gob.ec/">www.ces.gob.ec</a><br />
Twitter: @ces_ec<br />
<a href="https://www.facebook.com/consejodeeducacionsuperior/">Facebook: @consejodeeducacionsuperior</a><br />
Flickr: Consejo de Educación Superior &#8211; Ecuador</p>
