{"id":2796,"date":"2016-05-17T14:44:58","date_gmt":"2016-05-17T20:44:58","guid":{"rendered":"https:\/\/www.ces.gob.ec\/?post_type=te_announcements&#038;p=2796"},"modified":"2019-10-04T12:05:42","modified_gmt":"2019-10-04T18:05:42","slug":"la-ug-cuenta-con-nuevo-rector","status":"publish","type":"te_announcements","link":"https:\/\/www.ces.gob.ec\/?te_announcements=la-ug-cuenta-con-nuevo-rector","title":{"rendered":"LA UG CUENTA CON NUEVO RECTOR (17\/05\/2016)"},"content":{"rendered":"<h3><strong><span style=\"color: #993300;\">Bolet\u00edn de prensa<\/span><\/strong><\/h3>\n<p style=\"text-align: right;\">Guayaquil, 17 de mayo de 2016<\/p>\n<p style=\"text-align: center;\"><span style=\"color: #993300;\"><strong>LA UG CUENTA CON NUEVO RECTOR<\/strong><\/span><\/p>\n<p style=\"text-align: justify;\">El Dr. Enrique Santos, miembro del Consejo de Educaci\u00f3n Superior (CES) y responsable del seguimiento al proceso de intervenci\u00f3n, mediante rueda de prensa en la Universidad de Guayaquil present\u00f3 a los medios y a la ciudadan\u00eda al Dr. Galo Salcedo como nuevo rector encargado de la UG.<\/p>\n<p style=\"text-align: justify;\">A fin de precautelar\u00a0 la integridad de la Universidad de Guayaquil, el \u00d3rgano Colegiado Acad\u00e9mico de esta instituci\u00f3n de educaci\u00f3n superior, en ejercicio de sus funciones decidi\u00f3 retirar el encargo del rectorado al Dr. Roberto Cassis y nombrar como nuevo Rector (e) al Ing. Galo Salcedo, PhD.<\/p>\n<p style=\"text-align: justify;\">El Dr. Salcedo, cuenta con una amplia trayectoria acad\u00e9mica, con \u00e9nfasis en la investigaci\u00f3n, lo que seg\u00fan mencion\u00f3 el Dr. Jaime Medina presidente de la CIFI ser\u00e1 un plus para la universidad\u00a0 y para continuar con el trabajo hacia la calidad y la excelencia acad\u00e9mica.<\/p>\n<p style=\"text-align: justify;\">Por su parte el Dr. Salcedo, manifest\u00f3 su compromiso con toda la comunidad universitaria y enfatiz\u00f3 que su administraci\u00f3n tendr\u00e1 un trabajo coordinado con la Comisi\u00f3n Interventora y de Fortalecimiento Institucional con miras a lograr la acreditaci\u00f3n de la universidad.<\/p>\n<p style=\"text-align: justify;\">Finalmente, el Dr. Santos aprovech\u00f3 la oportunidad para aclarar a los medios que el proceso al que debe someterse esta instituci\u00f3n de educaci\u00f3n superior con el CEAACES es el proceso de acreditaci\u00f3n,\u00a0 por tal motivo esta universidad entrar\u00e1 a este proceso en el segundo semestre de este a\u00f1o, al igual que las otras universidades que se encuentran intervenidas.<\/p>\n<p><strong>Unidad de Comunicaci\u00f3n<br \/>\n<\/strong>CONSEJO DE EDUCACI\u00d3N SUPERIOR<strong><br \/>\n<\/strong>prensa@ces.gob.ec<br \/>\nwww.ces.gob.ec<br \/>\nTwitter: @ces_ec<\/p>\n","protected":false},"parent":0,"template":"","class_list":["post-2796","te_announcements","type-te_announcements","status-publish","hentry"],"announcement_date":"Announcement Date: 2019-09-18","announcement_image":false,"_links":{"self":[{"href":"https:\/\/www.ces.gob.ec\/index.php?rest_route=\/wp\/v2\/announcement\/2796","targetHints":{"allow":["GET"]}}],"collection":[{"href":"https:\/\/www.ces.gob.ec\/index.php?rest_route=\/wp\/v2\/announcement"}],"about":[{"href":"https:\/\/www.ces.gob.ec\/index.php?rest_route=\/wp\/v2\/types\/te_announcements"}],"wp:attachment":[{"href":"https:\/\/www.ces.gob.ec\/index.php?rest_route=%2Fwp%2Fv2%2Fmedia&parent=2796"}],"curies":[{"name":"wp","href":"https:\/\/api.w.org\/{rel}","templated":true}]}}

<h3><strong><span style="color: #993300;">Boletín de prensa</span></strong></h3>
<p style="text-align: right;">Guayaquil, 17 de mayo de 2016</p>
<p style="text-align: center;"><span style="color: #993300;"><strong>LA UG CUENTA CON NUEVO RECTOR</strong></span></p>
<p style="text-align: justify;">El Dr. Enrique Santos, miembro del Consejo de Educación Superior (CES) y responsable del seguimiento al proceso de intervención, mediante rueda de prensa en la Universidad de Guayaquil presentó a los medios y a la ciudadanía al Dr. Galo Salcedo como nuevo rector encargado de la UG.</p>
<p style="text-align: justify;">A fin de precautelar  la integridad de la Universidad de Guayaquil, el Órgano Colegiado Académico de esta institución de educación superior, en ejercicio de sus funciones decidió retirar el encargo del rectorado al Dr. Roberto Cassis y nombrar como nuevo Rector (e) al Ing. Galo Salcedo, PhD.</p>
<p style="text-align: justify;">El Dr. Salcedo, cuenta con una amplia trayectoria académica, con énfasis en la investigación, lo que según mencionó el Dr. Jaime Medina presidente de la CIFI será un plus para la universidad  y para continuar con el trabajo hacia la calidad y la excelencia académica.</p>
<p style="text-align: justify;">Por su parte el Dr. Salcedo, manifestó su compromiso con toda la comunidad universitaria y enfatizó que su administración tendrá un trabajo coordinado con la Comisión Interventora y de Fortalecimiento Institucional con miras a lograr la acreditación de la universidad.</p>
<p style="text-align: justify;">Finalmente, el Dr. Santos aprovechó la oportunidad para aclarar a los medios que el proceso al que debe someterse esta institución de educación superior con el CEAACES es el proceso de acreditación,  por tal motivo esta universidad entrará a este proceso en el segundo semestre de este año, al igual que las otras universidades que se encuentran intervenidas.</p>
<p><strong>Unidad de Comunicación<br />
</strong>CONSEJO DE EDUCACIÓN SUPERIOR<strong><br />
</strong>prensa@ces.gob.ec<br />
www.ces.gob.ec<br />
Twitter: @ces_ec</p>
