{"id":2794,"date":"2016-05-26T14:32:56","date_gmt":"2016-05-26T20:32:56","guid":{"rendered":"https:\/\/www.ces.gob.ec\/?post_type=te_announcements&#038;p=2794"},"modified":"2019-10-04T12:05:51","modified_gmt":"2019-10-04T18:05:51","slug":"merecido-homenaje-a-la-doctora-elizabeth-larrea","status":"publish","type":"te_announcements","link":"https:\/\/www.ces.gob.ec\/?te_announcements=merecido-homenaje-a-la-doctora-elizabeth-larrea","title":{"rendered":"MERECIDO HOMENAJE A LA DOCTORA ELIZABETH LARREA (26\/05\/2016)"},"content":{"rendered":"<h3><strong><span style=\"color: #993300;\">Bolet\u00edn de prensa<\/span><\/strong><\/h3>\n<p style=\"text-align: right;\">Guayaquil, 26 de mayo de 2016<\/p>\n<p style=\"text-align: center;\"><span style=\"color: #993300;\"><strong>MERECIDO HOMENAJE A LA DOCTORA ELIZABETH LARREA<\/strong><\/span><\/p>\n<p style=\"text-align: justify;\">El presidente del Consejo de Educaci\u00f3n Superior (CES) Ren\u00e9 Ram\u00edrez, particip\u00f3 del homenaje a la Dra. Elizabeth Larrea Miembro del CES, realizado este jueves 26 de mayo en la Universidad Cat\u00f3lica Santiago de Guayaquil (UCSG).<\/p>\n<p style=\"text-align: justify;\">El homenaje organizado por el Ministerio de Educaci\u00f3n tuvo como objetivo principal reconocer a la Dra. Larrea el significativo aporte que ha realizado en el \u00e1mbito de la educaci\u00f3n, quien con su experiencia y trayectoria profesional como docente e investigadora ha inspirado el proceso de construcci\u00f3n de un nuevo modelo de formaci\u00f3n acad\u00e9mica de calidad.<\/p>\n<p style=\"text-align: justify;\">En el evento adem\u00e1s participaron el Ministro de Educaci\u00f3n Augusto Espinosa, Mauro Toscanini Rector de la UCSG, rectores, autoridades y delegaciones de las universidades del pa\u00eds.<\/p>\n<p style=\"text-align: justify;\">De igual manera hizo extensivo su agradecimiento a todo el equipo del Consejo de Educaci\u00f3n Superior, por todo el apoyo brindado y expres\u00f3 que el horizonte es multidimensional en todos sus logros y nadie dejar\u00e1 de reconocerlo ya no hay marcha atr\u00e1s en la transformaci\u00f3n de la educaci\u00f3n superior.<\/p>\n<p style=\"text-align: justify;\">Para finalizar, Ram\u00edrez manifest\u00f3 sentirse orgullo de tener la posibilidad de felicitar todo ese trabajo diario y cotidiano. \u201cComo amiga pero tambi\u00e9n como una de las pensadoras m\u00e1s importantes que ha contribuido en la conformaci\u00f3n de la universidad ecuatoriana.\u201d<\/p>\n<p><strong>Unidad de Comunicaci\u00f3n<br \/>\n<\/strong>CONSEJO DE EDUCACI\u00d3N SUPERIOR<strong><br \/>\n<\/strong>prensa@ces.gob.ec<br \/>\nwww.ces.gob.ec<br \/>\nTwitter: @ces_ec<\/p>\n","protected":false},"parent":0,"template":"","class_list":["post-2794","te_announcements","type-te_announcements","status-publish","hentry"],"announcement_date":"Announcement Date: 2019-09-18","announcement_image":false,"_links":{"self":[{"href":"https:\/\/www.ces.gob.ec\/index.php?rest_route=\/wp\/v2\/announcement\/2794","targetHints":{"allow":["GET"]}}],"collection":[{"href":"https:\/\/www.ces.gob.ec\/index.php?rest_route=\/wp\/v2\/announcement"}],"about":[{"href":"https:\/\/www.ces.gob.ec\/index.php?rest_route=\/wp\/v2\/types\/te_announcements"}],"wp:attachment":[{"href":"https:\/\/www.ces.gob.ec\/index.php?rest_route=%2Fwp%2Fv2%2Fmedia&parent=2794"}],"curies":[{"name":"wp","href":"https:\/\/api.w.org\/{rel}","templated":true}]}}

<h3><strong><span style="color: #993300;">Boletín de prensa</span></strong></h3>
<p style="text-align: right;">Guayaquil, 26 de mayo de 2016</p>
<p style="text-align: center;"><span style="color: #993300;"><strong>MERECIDO HOMENAJE A LA DOCTORA ELIZABETH LARREA</strong></span></p>
<p style="text-align: justify;">El presidente del Consejo de Educación Superior (CES) René Ramírez, participó del homenaje a la Dra. Elizabeth Larrea Miembro del CES, realizado este jueves 26 de mayo en la Universidad Católica Santiago de Guayaquil (UCSG).</p>
<p style="text-align: justify;">El homenaje organizado por el Ministerio de Educación tuvo como objetivo principal reconocer a la Dra. Larrea el significativo aporte que ha realizado en el ámbito de la educación, quien con su experiencia y trayectoria profesional como docente e investigadora ha inspirado el proceso de construcción de un nuevo modelo de formación académica de calidad.</p>
<p style="text-align: justify;">En el evento además participaron el Ministro de Educación Augusto Espinosa, Mauro Toscanini Rector de la UCSG, rectores, autoridades y delegaciones de las universidades del país.</p>
<p style="text-align: justify;">De igual manera hizo extensivo su agradecimiento a todo el equipo del Consejo de Educación Superior, por todo el apoyo brindado y expresó que el horizonte es multidimensional en todos sus logros y nadie dejará de reconocerlo ya no hay marcha atrás en la transformación de la educación superior.</p>
<p style="text-align: justify;">Para finalizar, Ramírez manifestó sentirse orgullo de tener la posibilidad de felicitar todo ese trabajo diario y cotidiano. “Como amiga pero también como una de las pensadoras más importantes que ha contribuido en la conformación de la universidad ecuatoriana.”</p>
<p><strong>Unidad de Comunicación<br />
</strong>CONSEJO DE EDUCACIÓN SUPERIOR<strong><br />
</strong>prensa@ces.gob.ec<br />
www.ces.gob.ec<br />
Twitter: @ces_ec</p>
