{"id":2790,"date":"2016-06-17T13:57:28","date_gmt":"2016-06-17T19:57:28","guid":{"rendered":"https:\/\/www.ces.gob.ec\/?post_type=te_announcements&#038;p=2790"},"modified":"2019-10-04T12:04:27","modified_gmt":"2019-10-04T18:04:27","slug":"pleno-del-ces-impone-sancion-a-rector-de-la-unl-2","status":"publish","type":"te_announcements","link":"https:\/\/www.ces.gob.ec\/?te_announcements=pleno-del-ces-impone-sancion-a-rector-de-la-unl-2","title":{"rendered":"PLENO DEL CES IMPONE SANCI\u00d3N A RECTOR DE LA UNL (17\/06\/2016)"},"content":{"rendered":"<h3><span style=\"color: #993300;\"><strong>Bolet\u00edn de prensa<\/strong><\/span><\/h3>\n<p style=\"text-align: right;\">Quito, 17 de junio de 2016<\/p>\n<p style=\"text-align: center;\"><span style=\"color: #993300;\"><strong>PLENO DEL CES IMPONE SANCI\u00d3N A RECTOR DE LA UNL<\/strong><\/span><\/p>\n<p style=\"text-align: center;\"><strong>Dr. Gustavo Villac\u00eds, rector de la Universidad Nacional de Loja incumpli\u00f3 con el Art\u00edculo 18 del Reglamento de Sanciones, afectando derechos de estudiantes<\/strong><\/p>\n<p style=\"text-align: justify;\">Ante el incumplimiento por parte del Rector de la Universidad Nacional de Loja (UNL), Dr. Gustavo Villac\u00eds, de una medida urgente emitida por la Comisi\u00f3n de Intervenci\u00f3n y Fortalecimiento Institucional (CIFI), en la cual se le dispon\u00eda que se aperture matr\u00edculas para cursos de nivelaci\u00f3n a estudiantes que se encontraban dentro del SNNA.<\/p>\n<p style=\"text-align: justify;\">El Consejo de Educaci\u00f3n Superior (CES), en su S\u00e9ptima Sesi\u00f3n Extraordinaria del Pleno, efectuada este viernes 17 de junio, resolvi\u00f3:<\/p>\n<p style=\"text-align: justify;\">Dar por conocido y aprobado el informe presentado por la Comisi\u00f3n conformada mediante Resoluci\u00f3n RPC-SO-06-No.117-2016, el mismo que forma parte integrante de la presente Resoluci\u00f3n.<\/p>\n<p style=\"text-align: justify;\">Sancionar con una amonestaci\u00f3n escrita y la suspensi\u00f3n de funciones de sesenta (60) d\u00edas sin remuneraci\u00f3n al Dr. Gustavo Villac\u00eds Rivas en su calidad de Rector de la Universidad Nacional de Loja (UNL), conforme a lo dispuesto en los art\u00edculos 18 y 19 del Reglamento de Sanciones expedido por el Pleno del CES, mediante Resoluci\u00f3n RPC-SO-21-No.244-2015, de 27 de mayo de 2015 y reformado mediante Resoluci\u00f3n RPC-SO-30-No.390-2015, de 26 de agosto de 2015.<\/p>\n<p style=\"text-align: justify;\">El Pleno de este Consejo de Estado estar\u00e1 vigilante al cumplimiento de los reglamentos y resoluciones emitidas, con el af\u00e1n de garantizar los derechos de la comunidad acad\u00e9mica y los estudiantes.<\/p>\n<p style=\"text-align: justify;\"><strong>Unidad de Comunicaci\u00f3n<br \/>\n<\/strong>CONSEJO DE EDUCACI\u00d3N SUPERIOR<strong><br \/>\n<\/strong>prensa@ces.gob.ec<br \/>\nwww.ces.gob.ec<br \/>\nTwitter: @ces_ec<\/p>\n","protected":false},"parent":0,"template":"","class_list":["post-2790","te_announcements","type-te_announcements","status-publish","hentry"],"announcement_date":"Announcement Date: 2019-09-18","announcement_image":false,"_links":{"self":[{"href":"https:\/\/www.ces.gob.ec\/index.php?rest_route=\/wp\/v2\/announcement\/2790","targetHints":{"allow":["GET"]}}],"collection":[{"href":"https:\/\/www.ces.gob.ec\/index.php?rest_route=\/wp\/v2\/announcement"}],"about":[{"href":"https:\/\/www.ces.gob.ec\/index.php?rest_route=\/wp\/v2\/types\/te_announcements"}],"wp:attachment":[{"href":"https:\/\/www.ces.gob.ec\/index.php?rest_route=%2Fwp%2Fv2%2Fmedia&parent=2790"}],"curies":[{"name":"wp","href":"https:\/\/api.w.org\/{rel}","templated":true}]}}

PLENO DEL CES IMPONE SANCIÓN A RECTOR DE LA UNL (17/06/2016)

<h3><span style="color: #993300;"><strong>Boletín de prensa</strong></span></h3>
<p style="text-align: right;">Quito, 17 de junio de 2016</p>
<p style="text-align: center;"><span style="color: #993300;"><strong>PLENO DEL CES IMPONE SANCIÓN A RECTOR DE LA UNL</strong></span></p>
<p style="text-align: center;"><strong>Dr. Gustavo Villacís, rector de la Universidad Nacional de Loja incumplió con el Artículo 18 del Reglamento de Sanciones, afectando derechos de estudiantes</strong></p>
<p style="text-align: justify;">Ante el incumplimiento por parte del Rector de la Universidad Nacional de Loja (UNL), Dr. Gustavo Villacís, de una medida urgente emitida por la Comisión de Intervención y Fortalecimiento Institucional (CIFI), en la cual se le disponía que se aperture matrículas para cursos de nivelación a estudiantes que se encontraban dentro del SNNA.</p>
<p style="text-align: justify;">El Consejo de Educación Superior (CES), en su Séptima Sesión Extraordinaria del Pleno, efectuada este viernes 17 de junio, resolvió:</p>
<p style="text-align: justify;">Dar por conocido y aprobado el informe presentado por la Comisión conformada mediante Resolución RPC-SO-06-No.117-2016, el mismo que forma parte integrante de la presente Resolución.</p>
<p style="text-align: justify;">Sancionar con una amonestación escrita y la suspensión de funciones de sesenta (60) días sin remuneración al Dr. Gustavo Villacís Rivas en su calidad de Rector de la Universidad Nacional de Loja (UNL), conforme a lo dispuesto en los artículos 18 y 19 del Reglamento de Sanciones expedido por el Pleno del CES, mediante Resolución RPC-SO-21-No.244-2015, de 27 de mayo de 2015 y reformado mediante Resolución RPC-SO-30-No.390-2015, de 26 de agosto de 2015.</p>
<p style="text-align: justify;">El Pleno de este Consejo de Estado estará vigilante al cumplimiento de los reglamentos y resoluciones emitidas, con el afán de garantizar los derechos de la comunidad académica y los estudiantes.</p>
<p style="text-align: justify;"><strong>Unidad de Comunicación<br />
</strong>CONSEJO DE EDUCACIÓN SUPERIOR<strong><br />
</strong>prensa@ces.gob.ec<br />
www.ces.gob.ec<br />
Twitter: @ces_ec</p>
